{"id":1537,"date":"2015-08-17T13:20:27","date_gmt":"2015-08-17T16:20:27","guid":{"rendered":"http:\/\/www.mpb.eng.br\/novo\/?post_type=project&#038;p=1537"},"modified":"2015-12-10T16:33:14","modified_gmt":"2015-12-10T19:33:14","slug":"porto-de-imbituba","status":"publish","type":"project","link":"https:\/\/www.mpb.eng.br\/n\/project\/porto-de-imbituba\/","title":{"rendered":"Gest\u00e3o ambiental e estudo ambiental no Porto de Imbituba"},"content":{"rendered":"<p>[et_pb_section fullwidth=&#8221;on&#8221; specialty=&#8221;off&#8221;][et_pb_fullwidth_header admin_label=&#8221;Cabe\u00e7alho de Largura Completa&#8221; background_layout=&#8221;light&#8221; text_orientation=&#8221;left&#8221; header_fullscreen=&#8221;off&#8221; header_scroll_down=&#8221;off&#8221; parallax=&#8221;off&#8221; parallax_method=&#8221;off&#8221; content_orientation=&#8221;center&#8221; image_orientation=&#8221;center&#8221; custom_button_one=&#8221;off&#8221; button_one_letter_spacing=&#8221;0&#8243; button_one_use_icon=&#8221;default&#8221; button_one_icon_placement=&#8221;right&#8221; button_one_on_hover=&#8221;on&#8221; button_one_letter_spacing_hover=&#8221;0&#8243; custom_button_two=&#8221;off&#8221; button_two_letter_spacing=&#8221;0&#8243; button_two_use_icon=&#8221;default&#8221; button_two_icon_placement=&#8221;right&#8221; button_two_on_hover=&#8221;on&#8221; button_two_letter_spacing_hover=&#8221;0&#8243; background_color=&#8221;#7fd17b&#8221; subhead=&#8221;Transporte &gt; Portu\u00e1ria&#8221; title=&#8221;Gest\u00e3o ambiental e estudo ambiental no Porto de Imbituba&#8221; \/][\/et_pb_section][et_pb_section fullwidth=&#8221;off&#8221; specialty=&#8221;off&#8221;][et_pb_row][et_pb_column type=&#8221;4_4&#8243;][et_pb_team_member admin_label=&#8221;Cliente&#8221; animation=&#8221;off&#8221; background_layout=&#8221;light&#8221; use_border_color=&#8221;off&#8221; border_color=&#8221;#ffffff&#8221; border_style=&#8221;solid&#8221; saved_tabs=&#8221;all&#8221; name=&#8221;Docas de Imbituba S.A e SC Parcerias S.A.&#8221; \/][\/et_pb_column][\/et_pb_row][et_pb_row][et_pb_column type=&#8221;1_2&#8243;][et_pb_text admin_label=&#8221;Titulo &#8211; Descri\u00e7\u00e3o&#8221; background_layout=&#8221;light&#8221; text_orientation=&#8221;left&#8221; use_border_color=&#8221;off&#8221; border_color=&#8221;#ffffff&#8221; border_style=&#8221;solid&#8221; saved_tabs=&#8221;all&#8221;]<\/p>\n<p><span style=\"color: #006600;\"><span style=\"font-size: x-large;\">Descri\u00e7\u00e3o<\/span><\/span><\/p>\n<p>[\/et_pb_text][et_pb_text admin_label=&#8221;Descri\u00e7\u00e3o Titulo + Datas&#8221; background_layout=&#8221;light&#8221; text_orientation=&#8221;left&#8221; use_border_color=&#8221;off&#8221; border_color=&#8221;#ffffff&#8221; border_style=&#8221;solid&#8221; saved_tabs=&#8221;all&#8221;]<\/p>\n<div class=\"et_pb_text et_pb_module et_pb_bg_layout_light et_pb_text_align_left  et_pb_text_0\">\n<div class=\"page\" title=\"Page 23\">\n<p>&nbsp;<\/p>\n<table border=\"0\" cellspacing=\"0\" cellpadding=\"0\">\n<tbody>\n<tr>\n<td><strong>Inicio\u00a0em :<\/strong><\/td>\n<td>\u00a02002<\/td>\n<\/tr>\n<tr>\n<td><strong>Termino\u00a0em :<\/strong><\/td>\n<td>\u00a02014<\/td>\n<\/tr>\n<tr>\n<td><strong>Status :<\/strong><\/td>\n<td>Completo<\/td>\n<\/tr>\n<tr>\n<td><strong>Local :<\/strong><\/td>\n<td>\u00a0Imbituba\/SC<\/td>\n<\/tr>\n<\/tbody>\n<\/table>\n<\/div>\n<\/div>\n<p>[\/et_pb_text][et_pb_text admin_label=&#8221;Descri\u00e7\u00e3o&#8221; background_layout=&#8221;light&#8221; text_orientation=&#8221;left&#8221; use_border_color=&#8221;off&#8221; border_color=&#8221;#ffffff&#8221; border_style=&#8221;solid&#8221;]<\/p>\n<p>Gest\u00e3o ambiental e estudo ambiental no Porto de Imbituba<\/p>\n<p>[\/et_pb_text][\/et_pb_column][et_pb_column type=&#8221;1_2&#8243;][et_pb_gallery admin_label=&#8221;Galeria&#8221; gallery_ids=&#8221;1546,1547,1545,1539,1540,1541,1542&#8243; fullwidth=&#8221;on&#8221; show_title_and_caption=&#8221;on&#8221; show_pagination=&#8221;on&#8221; background_layout=&#8221;light&#8221; auto=&#8221;on&#8221; hover_overlay_color=&#8221;rgba(255,255,255,0.9)&#8221; caption_all_caps=&#8221;off&#8221; use_border_color=&#8221;off&#8221; border_color=&#8221;#ffffff&#8221; border_style=&#8221;solid&#8221; auto_speed=&#8221;5000&#8243; \/][\/et_pb_column][\/et_pb_row][et_pb_row][et_pb_column type=&#8221;4_4&#8243;][et_pb_text admin_label=&#8221;Contexto&#8221; background_layout=&#8221;light&#8221; text_orientation=&#8221;left&#8221; use_border_color=&#8221;off&#8221; border_color=&#8221;#ffffff&#8221; border_style=&#8221;solid&#8221;]<\/p>\n<p><strong>Contextualiza\u00e7\u00e3o<\/strong><br \/>\nA Quest\u00e3o Portu\u00e1ria visa manter o Estado de Santa Catarina no contexto de desenvolvimento pelo qual o Pa\u00eds vem passando, possibilitando um aumento cont\u00ednuo de nossa capacidade de expans\u00e3o de modo a atender ao crescimento da demanda econ\u00f4mica. O Porto de Imbituba \u00e9 administrado pela Companhia Docas de Imbituba, empresa de Capital Aberto que det\u00e9m a concess\u00e3o para explora\u00e7\u00e3o comercial do Porto. Constituindo-se, assim, o \u00fanico porto P\u00fablico do pa\u00eds administrado por uma empresa privada.<br \/>\nAtualmente conta com quatro Ber\u00e7os de Atraca\u00e7\u00e3o com 9,5m de calado cada um. Por estes ber\u00e7os movimentam-se gran\u00e9is s\u00f3lidos e l\u00edquidos, congelados, cont\u00eaineres e carga geral. Com destaque nas importa\u00e7\u00f5es de fertilizantes, coque, milho, sal e barrilha e nas exporta\u00e7\u00f5es de congelados, a\u00e7\u00facar e cont\u00eaineres.<br \/>\nO atual quadro vivenciado no sul do pa\u00eds onde se verifica o congestionamento nos ber\u00e7os, p\u00e1tios e armaz\u00e9ns dos portos e ainda nas estruturas de apoio de retaguarda portu\u00e1ria, t\u00eam exigido do setor produtivo novas alternativas para movimenta\u00e7\u00e3o de suas mercadorias.<br \/>\nO Porto possui uma \u00e1rea total de 2.300.000,00 m2 . Sendo que desta \u00e1rea, 750.000,00 m2 aqu\u00e1tica e 1.550.000,00 m2 \u00e9 \u00e1rea terrestre e prevendo uma amplia\u00e7\u00e3o de mais 324.600,00 m2<\/p>\n<p><strong>Projeto Realizado<\/strong><br \/>\n<strong>A Gest\u00e3o Ambiental<\/strong><br \/>\nA Gest\u00e3o Ambiental deve administrar o uso produtivo dos recursos renov\u00e1veis, sem reduzir a produtividade e a qualidade ambiental, sempre em conjunto com o desenvolvimento das atividades portu\u00e1rias.<\/p>\n<ul>\n<li>Execu\u00e7\u00e3o da Gest\u00e3o e Monitoramento Ambiental do porto Organizado de Imbituba, com a Implanta\u00e7\u00e3o e Execu\u00e7\u00e3o do PCA \u2013 Plano de Controle Ambiental da Opera\u00e7\u00e3o Portu\u00e1ria, com a execu\u00e7\u00e3o dos Programas Ambientais.<\/li>\n<li>O PCA tem por objetivo apresentar as orienta\u00e7\u00f5es para a implementa\u00e7\u00e3o da Gest\u00e3o Ambiental, com \u00eanfase para a que comp\u00f5e a opera\u00e7\u00e3o portu\u00e1ria na \u00e1rea de concess\u00e3o, envolvendo as mais diversas movimenta\u00e7\u00f5es de cargas. Para este Programa foram definidos os objetivos e as justificativas, a\u00e7\u00f5es previstas, abrang\u00eancia, efici\u00eancia esperada, forma de monitoramento e cronograma, bem como para atender o processo de Licenciamento Ambiental de Opera\u00e7\u00e3o \u2013 LAO, da CIA DOCAS DE IMBITUBA, relativa \u00e0 atividade de explora\u00e7\u00e3o portu\u00e1ria.<\/li>\n<li>Execu\u00e7\u00e3o do PCA do Projeto de Engenharia para a Recupera\u00e7\u00e3o e Amplia\u00e7\u00e3o do Molhe de Abrigo do Porto de Imbituba.<\/li>\n<\/ul>\n<p><strong>Estudos Ambientais<\/strong><\/p>\n<ul>\n<li>Elabora\u00e7\u00e3o do Estudo de Impacto Ambiental \u2013 EIA das obras de implanta\u00e7\u00e3o do Terminal de Uso Privado, visando apresentar as solu\u00e7\u00f5es t\u00e9cnicas e a\u00e7\u00f5es para evitar ou minimizar os diversos impactos ambientais das obras previstas, objetivando subsidiar o processo de licenciamento ambiental do empreendimento junto ao \u00f3rg\u00e3o ambiental.<\/li>\n<li>Terminal de movimenta\u00e7\u00e3o de gran\u00e9is s\u00f3lidos: gr\u00e3os agr\u00edcolas, fertilizantes, sal marinho e outras cargas.<\/li>\n<li>Relat\u00f3rio de Impacto Ambiental \u2013 RIMA: Este trabalho apresenta o Estudo de Impacto Ambiental EIA.<\/li>\n<li>Elabora\u00e7\u00e3o do Relat\u00f3rio Ambiental Simplificado \u2013 RAS: Melhorias Operacionais do Cais 2 (cais de carga e descarga de graneis s\u00f3lidos), importa\u00e7\u00f5es de coque verde de petr\u00f3leo, fertilizante, sal marinho, importa\u00e7\u00f5es de soda caustica liquida e granel e exporta\u00e7\u00f5es de cargas congeladas para mercado externo.<\/li>\n<li>Os procedimentos b\u00e1sicos do presente estudo visam caracterizar os aspectos do meio ambiente da \u00e1rea de estudo.<\/li>\n<li>Licen\u00e7a Ambiental de Opera\u00e7\u00e3o- LAO: O presente documento tem como objetivo solicitar a renova\u00e7\u00e3o da Licen\u00e7a Ambiental de Opera\u00e7\u00e3o para a atividade de \u201cEstocagem e Distribui\u00e7\u00e3o de Soda C\u00e1ustica\u201d na \u00e1rea portu\u00e1ria.<\/li>\n<li>Plano B\u00e1sico Ambiental &#8211; PBA: Este documento, integrante do processo de licenciamento ambiental para obten\u00e7\u00e3o da Licen\u00e7a de Instala\u00e7\u00e3o das obras de melhorias do Porto.<\/li>\n<\/ul>\n<p>[\/et_pb_text][et_pb_text admin_label=&#8221;Titulo Localiza\u00e7\u00e3o&#8221; background_layout=&#8221;light&#8221; text_orientation=&#8221;left&#8221; use_border_color=&#8221;off&#8221; border_color=&#8221;#ffffff&#8221; border_style=&#8221;solid&#8221; saved_tabs=&#8221;all&#8221;]<\/p>\n<div class=\"page\" title=\"Page 23\">\n<p><span style=\"color: #006600;\"><span style=\"font-size: x-large;\">Localiza\u00e7\u00e3o<\/span><\/span><\/p>\n<\/div>\n<p>[\/et_pb_text][\/et_pb_column][\/et_pb_row][\/et_pb_section][et_pb_section fullwidth=&#8221;on&#8221; specialty=&#8221;off&#8221;][et_pb_fullwidth_map admin_label=&#8221;Mapa de Largura Completa&#8221; address=&#8221;Imbituba &#8211; SC, Brasil&#8221; zoom_level=&#8221;13&#8243; address_lat=&#8221;-28.23121888511564&#8243; address_lng=&#8221;-48.64575958133514&#8243; mouse_wheel=&#8221;on&#8221;][et_pb_map_pin pin_address=&#8221;Rua 1159, 82, Imbituba &#8211; SC, Brasil&#8221; pin_address_lat=&#8221;-28.229287122580324&#8243; pin_address_lng=&#8221;-48.65031576125489&#8243; \/][\/et_pb_fullwidth_map][\/et_pb_section]<\/p>\n","protected":false},"excerpt":{"rendered":"<p>[et_pb_section fullwidth=&#8221;on&#8221; specialty=&#8221;off&#8221;][et_pb_fullwidth_header admin_label=&#8221;Cabe\u00e7alho de Largura Completa&#8221; background_layout=&#8221;light&#8221; text_orientation=&#8221;left&#8221; header_fullscreen=&#8221;off&#8221; header_scroll_down=&#8221;off&#8221; parallax=&#8221;off&#8221; parallax_method=&#8221;off&#8221; content_orientation=&#8221;center&#8221; image_orientation=&#8221;center&#8221; custom_button_one=&#8221;off&#8221; button_one_letter_spacing=&#8221;0&#8243; button_one_use_icon=&#8221;default&#8221; button_one_icon_placement=&#8221;right&#8221; button_one_on_hover=&#8221;on&#8221; button_one_letter_spacing_hover=&#8221;0&#8243; custom_button_two=&#8221;off&#8221; button_two_letter_spacing=&#8221;0&#8243; button_two_use_icon=&#8221;default&#8221; button_two_icon_placement=&#8221;right&#8221; button_two_on_hover=&#8221;on&#8221; button_two_letter_spacing_hover=&#8221;0&#8243; background_color=&#8221;#7fd17b&#8221; subhead=&#8221;Transporte &gt; Portu\u00e1ria&#8221; title=&#8221;Gest\u00e3o ambiental e estudo ambiental no Porto de Imbituba&#8221; \/][\/et_pb_section][et_pb_section fullwidth=&#8221;off&#8221; specialty=&#8221;off&#8221;][et_pb_row][et_pb_column type=&#8221;4_4&#8243;][et_pb_team_member admin_label=&#8221;Cliente&#8221; animation=&#8221;off&#8221; background_layout=&#8221;light&#8221; use_border_color=&#8221;off&#8221; border_color=&#8221;#ffffff&#8221; border_style=&#8221;solid&#8221; saved_tabs=&#8221;all&#8221; name=&#8221;Docas de Imbituba S.A [&hellip;]<\/p>\n","protected":false},"author":1,"featured_media":1543,"comment_status":"open","ping_status":"open","template":"","meta":{"_et_pb_use_builder":"on","_et_pb_old_content":"","footnotes":""},"project_category":[30,39,24,41,17],"project_tag":[],"class_list":["post-1537","project","type-project","status-publish","has-post-thumbnail","hentry","project_category-clientes","project_category-docas-de-imbituba-s-a","project_category-portuaria","project_category-sc-parcerias-s-a-clientes","project_category-transporte"],"_links":{"self":[{"href":"https:\/\/www.mpb.eng.br\/n\/wp-json\/wp\/v2\/project\/1537","targetHints":{"allow":["GET"]}}],"collection":[{"href":"https:\/\/www.mpb.eng.br\/n\/wp-json\/wp\/v2\/project"}],"about":[{"href":"https:\/\/www.mpb.eng.br\/n\/wp-json\/wp\/v2\/types\/project"}],"author":[{"embeddable":true,"href":"https:\/\/www.mpb.eng.br\/n\/wp-json\/wp\/v2\/users\/1"}],"replies":[{"embeddable":true,"href":"https:\/\/www.mpb.eng.br\/n\/wp-json\/wp\/v2\/comments?post=1537"}],"version-history":[{"count":9,"href":"https:\/\/www.mpb.eng.br\/n\/wp-json\/wp\/v2\/project\/1537\/revisions"}],"predecessor-version":[{"id":2422,"href":"https:\/\/www.mpb.eng.br\/n\/wp-json\/wp\/v2\/project\/1537\/revisions\/2422"}],"wp:featuredmedia":[{"embeddable":true,"href":"https:\/\/www.mpb.eng.br\/n\/wp-json\/wp\/v2\/media\/1543"}],"wp:attachment":[{"href":"https:\/\/www.mpb.eng.br\/n\/wp-json\/wp\/v2\/media?parent=1537"}],"wp:term":[{"taxonomy":"project_category","embeddable":true,"href":"https:\/\/www.mpb.eng.br\/n\/wp-json\/wp\/v2\/project_category?post=1537"},{"taxonomy":"project_tag","embeddable":true,"href":"https:\/\/www.mpb.eng.br\/n\/wp-json\/wp\/v2\/project_tag?post=1537"}],"curies":[{"name":"wp","href":"https:\/\/api.w.org\/{rel}","templated":true}]}}

Gestão ambiental e estudo ambiental no Porto de Imbituba

<p>[et_pb_section fullwidth=&#8221;on&#8221; specialty=&#8221;off&#8221;][et_pb_fullwidth_header admin_label=&#8221;Cabeçalho de Largura Completa&#8221; background_layout=&#8221;light&#8221; text_orientation=&#8221;left&#8221; header_fullscreen=&#8221;off&#8221; header_scroll_down=&#8221;off&#8221; parallax=&#8221;off&#8221; parallax_method=&#8221;off&#8221; content_orientation=&#8221;center&#8221; image_orientation=&#8221;center&#8221; custom_button_one=&#8221;off&#8221; button_one_letter_spacing=&#8221;0&#8243; button_one_use_icon=&#8221;default&#8221; button_one_icon_placement=&#8221;right&#8221; button_one_on_hover=&#8221;on&#8221; button_one_letter_spacing_hover=&#8221;0&#8243; custom_button_two=&#8221;off&#8221; button_two_letter_spacing=&#8221;0&#8243; button_two_use_icon=&#8221;default&#8221; button_two_icon_placement=&#8221;right&#8221; button_two_on_hover=&#8221;on&#8221; button_two_letter_spacing_hover=&#8221;0&#8243; background_color=&#8221;#7fd17b&#8221; subhead=&#8221;Transporte &gt; Portuária&#8221; title=&#8221;Gestão ambiental e estudo ambiental no Porto de Imbituba&#8221; /][/et_pb_section][et_pb_section fullwidth=&#8221;off&#8221; specialty=&#8221;off&#8221;][et_pb_row][et_pb_column type=&#8221;4_4&#8243;][et_pb_team_member admin_label=&#8221;Cliente&#8221; animation=&#8221;off&#8221; background_layout=&#8221;light&#8221; use_border_color=&#8221;off&#8221; border_color=&#8221;#ffffff&#8221; border_style=&#8221;solid&#8221; saved_tabs=&#8221;all&#8221; name=&#8221;Docas de Imbituba S.A e SC Parcerias S.A.&#8221; /][/et_pb_column][/et_pb_row][et_pb_row][et_pb_column type=&#8221;1_2&#8243;][et_pb_text admin_label=&#8221;Titulo &#8211; Descrição&#8221; background_layout=&#8221;light&#8221; text_orientation=&#8221;left&#8221; use_border_color=&#8221;off&#8221; border_color=&#8221;#ffffff&#8221; border_style=&#8221;solid&#8221; saved_tabs=&#8221;all&#8221;]</p>
<p><span style="color: #006600;"><span style="font-size: x-large;">Descrição</span></span></p>
<p>[/et_pb_text][et_pb_text admin_label=&#8221;Descrição Titulo + Datas&#8221; background_layout=&#8221;light&#8221; text_orientation=&#8221;left&#8221; use_border_color=&#8221;off&#8221; border_color=&#8221;#ffffff&#8221; border_style=&#8221;solid&#8221; saved_tabs=&#8221;all&#8221;]</p>
<div class="et_pb_text et_pb_module et_pb_bg_layout_light et_pb_text_align_left  et_pb_text_0">
<div class="page" title="Page 23">
<p>&nbsp;</p>
<table border="0" cellspacing="0" cellpadding="0">
<tbody>
<tr>
<td><strong>Inicio em :</strong></td>
<td> 2002</td>
</tr>
<tr>
<td><strong>Termino em :</strong></td>
<td> 2014</td>
</tr>
<tr>
<td><strong>Status :</strong></td>
<td>Completo</td>
</tr>
<tr>
<td><strong>Local :</strong></td>
<td> Imbituba/SC</td>
</tr>
</tbody>
</table>
</div>
</div>
<p>[/et_pb_text][et_pb_text admin_label=&#8221;Descrição&#8221; background_layout=&#8221;light&#8221; text_orientation=&#8221;left&#8221; use_border_color=&#8221;off&#8221; border_color=&#8221;#ffffff&#8221; border_style=&#8221;solid&#8221;]</p>
<p>Gestão ambiental e estudo ambiental no Porto de Imbituba</p>
<p>[/et_pb_text][/et_pb_column][et_pb_column type=&#8221;1_2&#8243;][et_pb_gallery admin_label=&#8221;Galeria&#8221; gallery_ids=&#8221;1546,1547,1545,1539,1540,1541,1542&#8243; fullwidth=&#8221;on&#8221; show_title_and_caption=&#8221;on&#8221; show_pagination=&#8221;on&#8221; background_layout=&#8221;light&#8221; auto=&#8221;on&#8221; hover_overlay_color=&#8221;rgba(255,255,255,0.9)&#8221; caption_all_caps=&#8221;off&#8221; use_border_color=&#8221;off&#8221; border_color=&#8221;#ffffff&#8221; border_style=&#8221;solid&#8221; auto_speed=&#8221;5000&#8243; /][/et_pb_column][/et_pb_row][et_pb_row][et_pb_column type=&#8221;4_4&#8243;][et_pb_text admin_label=&#8221;Contexto&#8221; background_layout=&#8221;light&#8221; text_orientation=&#8221;left&#8221; use_border_color=&#8221;off&#8221; border_color=&#8221;#ffffff&#8221; border_style=&#8221;solid&#8221;]</p>
<p><strong>Contextualização</strong><br />
A Questão Portuária visa manter o Estado de Santa Catarina no contexto de desenvolvimento pelo qual o País vem passando, possibilitando um aumento contínuo de nossa capacidade de expansão de modo a atender ao crescimento da demanda econômica. O Porto de Imbituba é administrado pela Companhia Docas de Imbituba, empresa de Capital Aberto que detém a concessão para exploração comercial do Porto. Constituindo-se, assim, o único porto Público do país administrado por uma empresa privada.<br />
Atualmente conta com quatro Berços de Atracação com 9,5m de calado cada um. Por estes berços movimentam-se granéis sólidos e líquidos, congelados, contêineres e carga geral. Com destaque nas importações de fertilizantes, coque, milho, sal e barrilha e nas exportações de congelados, açúcar e contêineres.<br />
O atual quadro vivenciado no sul do país onde se verifica o congestionamento nos berços, pátios e armazéns dos portos e ainda nas estruturas de apoio de retaguarda portuária, têm exigido do setor produtivo novas alternativas para movimentação de suas mercadorias.<br />
O Porto possui uma área total de 2.300.000,00 m2 . Sendo que desta área, 750.000,00 m2 aquática e 1.550.000,00 m2 é área terrestre e prevendo uma ampliação de mais 324.600,00 m2</p>
<p><strong>Projeto Realizado</strong><br />
<strong>A Gestão Ambiental</strong><br />
A Gestão Ambiental deve administrar o uso produtivo dos recursos renováveis, sem reduzir a produtividade e a qualidade ambiental, sempre em conjunto com o desenvolvimento das atividades portuárias.</p>
<ul>
<li>Execução da Gestão e Monitoramento Ambiental do porto Organizado de Imbituba, com a Implantação e Execução do PCA – Plano de Controle Ambiental da Operação Portuária, com a execução dos Programas Ambientais.</li>
<li>O PCA tem por objetivo apresentar as orientações para a implementação da Gestão Ambiental, com ênfase para a que compõe a operação portuária na área de concessão, envolvendo as mais diversas movimentações de cargas. Para este Programa foram definidos os objetivos e as justificativas, ações previstas, abrangência, eficiência esperada, forma de monitoramento e cronograma, bem como para atender o processo de Licenciamento Ambiental de Operação – LAO, da CIA DOCAS DE IMBITUBA, relativa à atividade de exploração portuária.</li>
<li>Execução do PCA do Projeto de Engenharia para a Recuperação e Ampliação do Molhe de Abrigo do Porto de Imbituba.</li>
</ul>
<p><strong>Estudos Ambientais</strong></p>
<ul>
<li>Elaboração do Estudo de Impacto Ambiental – EIA das obras de implantação do Terminal de Uso Privado, visando apresentar as soluções técnicas e ações para evitar ou minimizar os diversos impactos ambientais das obras previstas, objetivando subsidiar o processo de licenciamento ambiental do empreendimento junto ao órgão ambiental.</li>
<li>Terminal de movimentação de granéis sólidos: grãos agrícolas, fertilizantes, sal marinho e outras cargas.</li>
<li>Relatório de Impacto Ambiental – RIMA: Este trabalho apresenta o Estudo de Impacto Ambiental EIA.</li>
<li>Elaboração do Relatório Ambiental Simplificado – RAS: Melhorias Operacionais do Cais 2 (cais de carga e descarga de graneis sólidos), importações de coque verde de petróleo, fertilizante, sal marinho, importações de soda caustica liquida e granel e exportações de cargas congeladas para mercado externo.</li>
<li>Os procedimentos básicos do presente estudo visam caracterizar os aspectos do meio ambiente da área de estudo.</li>
<li>Licença Ambiental de Operação- LAO: O presente documento tem como objetivo solicitar a renovação da Licença Ambiental de Operação para a atividade de “Estocagem e Distribuição de Soda Cáustica” na área portuária.</li>
<li>Plano Básico Ambiental &#8211; PBA: Este documento, integrante do processo de licenciamento ambiental para obtenção da Licença de Instalação das obras de melhorias do Porto.</li>
</ul>
<p>[/et_pb_text][et_pb_text admin_label=&#8221;Titulo Localização&#8221; background_layout=&#8221;light&#8221; text_orientation=&#8221;left&#8221; use_border_color=&#8221;off&#8221; border_color=&#8221;#ffffff&#8221; border_style=&#8221;solid&#8221; saved_tabs=&#8221;all&#8221;]</p>
<div class="page" title="Page 23">
<p><span style="color: #006600;"><span style="font-size: x-large;">Localização</span></span></p>
</div>
<p>[/et_pb_text][/et_pb_column][/et_pb_row][/et_pb_section][et_pb_section fullwidth=&#8221;on&#8221; specialty=&#8221;off&#8221;][et_pb_fullwidth_map admin_label=&#8221;Mapa de Largura Completa&#8221; address=&#8221;Imbituba &#8211; SC, Brasil&#8221; zoom_level=&#8221;13&#8243; address_lat=&#8221;-28.23121888511564&#8243; address_lng=&#8221;-48.64575958133514&#8243; mouse_wheel=&#8221;on&#8221;][et_pb_map_pin pin_address=&#8221;Rua 1159, 82, Imbituba &#8211; SC, Brasil&#8221; pin_address_lat=&#8221;-28.229287122580324&#8243; pin_address_lng=&#8221;-48.65031576125489&#8243; /][/et_pb_fullwidth_map][/et_pb_section]</p>

<p>[et_pb_section fullwidth=&#8221;on&#8221; specialty=&#8221;off&#8221;][et_pb_fullwidth_header admin_label=&#8221;Cabeçalho de Largura Completa&#8221; background_layout=&#8221;light&#8221; text_orientation=&#8221;left&#8221; header_fullscreen=&#8221;off&#8221; header_scroll_down=&#8221;off&#8221; parallax=&#8221;off&#8221; parallax_method=&#8221;off&#8221; content_orientation=&#8221;center&#8221; image_orientation=&#8221;center&#8221; custom_button_one=&#8221;off&#8221; button_one_letter_spacing=&#8221;0&#8243; button_one_use_icon=&#8221;default&#8221; button_one_icon_placement=&#8221;right&#8221; button_one_on_hover=&#8221;on&#8221; button_one_letter_spacing_hover=&#8221;0&#8243; custom_button_two=&#8221;off&#8221; button_two_letter_spacing=&#8221;0&#8243; button_two_use_icon=&#8221;default&#8221; button_two_icon_placement=&#8221;right&#8221; button_two_on_hover=&#8221;on&#8221; button_two_letter_spacing_hover=&#8221;0&#8243; background_color=&#8221;#7fd17b&#8221; subhead=&#8221;Transporte &gt; Portuária&#8221; title=&#8221;Gestão ambiental e estudo ambiental no Porto de Imbituba&#8221; /][/et_pb_section][et_pb_section fullwidth=&#8221;off&#8221; specialty=&#8221;off&#8221;][et_pb_row][et_pb_column type=&#8221;4_4&#8243;][et_pb_team_member admin_label=&#8221;Cliente&#8221; animation=&#8221;off&#8221; background_layout=&#8221;light&#8221; use_border_color=&#8221;off&#8221; border_color=&#8221;#ffffff&#8221; border_style=&#8221;solid&#8221; saved_tabs=&#8221;all&#8221; name=&#8221;Docas de Imbituba S.A [&hellip;]</p>
