{"id":1398,"date":"2015-08-12T20:15:03","date_gmt":"2015-08-12T23:15:03","guid":{"rendered":"http:\/\/www.mpb.eng.br\/novo\/?post_type=project&#038;p=1398"},"modified":"2015-12-10T16:41:15","modified_gmt":"2015-12-10T19:41:15","slug":"plano-basico-ambiental-prefeitura-de-curitiba-pr","status":"publish","type":"project","link":"https:\/\/www.mpb.eng.br\/n\/project\/plano-basico-ambiental-prefeitura-de-curitiba-pr\/","title":{"rendered":"Plano B\u00e1sico Ambiental &#8211; Prefeitura de Curitiba \/ PR"},"content":{"rendered":"<p>[et_pb_section admin_label=&#8221;section&#8221; fullwidth=&#8221;on&#8221; specialty=&#8221;off&#8221;][et_pb_fullwidth_header admin_label=&#8221;Cabe\u00e7alho de Largura Completa&#8221; background_layout=&#8221;light&#8221; text_orientation=&#8221;left&#8221; header_fullscreen=&#8221;off&#8221; header_scroll_down=&#8221;off&#8221; parallax=&#8221;off&#8221; parallax_method=&#8221;off&#8221; content_orientation=&#8221;center&#8221; image_orientation=&#8221;center&#8221; custom_button_one=&#8221;off&#8221; button_one_letter_spacing=&#8221;0&#8243; button_one_use_icon=&#8221;default&#8221; button_one_icon_placement=&#8221;right&#8221; button_one_on_hover=&#8221;on&#8221; button_one_letter_spacing_hover=&#8221;0&#8243; custom_button_two=&#8221;off&#8221; button_two_letter_spacing=&#8221;0&#8243; button_two_use_icon=&#8221;default&#8221; button_two_icon_placement=&#8221;right&#8221; button_two_on_hover=&#8221;on&#8221; button_two_letter_spacing_hover=&#8221;0&#8243; background_color=&#8221;#7fd17b&#8221; subhead=&#8221;Transporte &gt; Rodovi\u00e1rio&#8221; title=&#8221;Plano B\u00e1sico Ambiental &#8211; Prefeitura de Curitiba \/ PR&#8221;] [\/et_pb_fullwidth_header][\/et_pb_section][et_pb_section admin_label=&#8221;section&#8221; fullwidth=&#8221;off&#8221; specialty=&#8221;off&#8221;][et_pb_row admin_label=&#8221;row&#8221;][et_pb_column type=&#8221;4_4&#8243;][et_pb_team_member admin_label=&#8221;Cliente&#8221; animation=&#8221;off&#8221; background_layout=&#8221;light&#8221; use_border_color=&#8221;off&#8221; border_color=&#8221;#ffffff&#8221; border_style=&#8221;solid&#8221; saved_tabs=&#8221;all&#8221; name=&#8221;Prefeitura de Curitiba&#8221; position=&#8221;Prefeitura de Curitiba\/PR&#8221; header_font_size=&#8221;18&#8243; body_font_size=&#8221;14&#8243;] [\/et_pb_team_member][\/et_pb_column][\/et_pb_row][et_pb_row admin_label=&#8221;row&#8221;][et_pb_column type=&#8221;1_2&#8243;][et_pb_text admin_label=&#8221;Titulo &#8211; Descri\u00e7\u00e3o&#8221; background_layout=&#8221;light&#8221; text_orientation=&#8221;left&#8221; use_border_color=&#8221;off&#8221; border_color=&#8221;#ffffff&#8221; border_style=&#8221;solid&#8221; saved_tabs=&#8221;all&#8221;]<\/p>\n<p><span style=\"color: #006600;\"><span style=\"font-size: x-large;\">Descri\u00e7\u00e3o<\/span><\/span><\/p>\n<p>[\/et_pb_text][et_pb_text admin_label=&#8221;Descri\u00e7\u00e3o Titulo + Datas&#8221; background_layout=&#8221;light&#8221; text_orientation=&#8221;left&#8221; use_border_color=&#8221;off&#8221; border_color=&#8221;#ffffff&#8221; border_style=&#8221;solid&#8221; saved_tabs=&#8221;all&#8221;]<\/p>\n<div class=\"et_pb_text et_pb_module et_pb_bg_layout_light et_pb_text_align_left  et_pb_text_0\">\n<div class=\"page\" title=\"Page 23\">\n<p>&nbsp;<\/p>\n<table border=\"0\" cellspacing=\"0\" cellpadding=\"0\">\n<tbody>\n<tr>\n<td><strong>Inicio\u00a0em :<\/strong><\/td>\n<td>\u00a02007<\/td>\n<\/tr>\n<tr>\n<td><strong>Termino\u00a0em :<\/strong><\/td>\n<td>\u00a02007<\/td>\n<\/tr>\n<tr>\n<td><strong>Status :<\/strong><\/td>\n<td>Completo<\/td>\n<\/tr>\n<tr>\n<td><strong>Local :<\/strong><\/td>\n<td>\u00a0Curitiba\/PR<\/td>\n<\/tr>\n<\/tbody>\n<\/table>\n<\/div>\n<\/div>\n<p>[\/et_pb_text][et_pb_text admin_label=&#8221;Descri\u00e7\u00e3o&#8221; background_layout=&#8221;light&#8221; text_orientation=&#8221;left&#8221; use_border_color=&#8221;off&#8221; border_color=&#8221;#ffffff&#8221; border_style=&#8221;solid&#8221;]<\/p>\n<div class=\"et_pb_text et_pb_module et_pb_bg_layout_light et_pb_text_align_left  et_pb_text_0\"><\/div>\n<p>[\/et_pb_text][\/et_pb_column][et_pb_column type=&#8221;1_2&#8243;][et_pb_gallery admin_label=&#8221;Galeria&#8221; gallery_ids=&#8221;1399,1400,1401,1402&#8243; fullwidth=&#8221;on&#8221; show_title_and_caption=&#8221;on&#8221; show_pagination=&#8221;on&#8221; background_layout=&#8221;light&#8221; auto=&#8221;on&#8221; hover_overlay_color=&#8221;rgba(255,255,255,0.9)&#8221; caption_all_caps=&#8221;off&#8221; use_border_color=&#8221;off&#8221; border_color=&#8221;#ffffff&#8221; border_style=&#8221;solid&#8221; auto_speed=&#8221;5000&#8243;] [\/et_pb_gallery][\/et_pb_column][\/et_pb_row][et_pb_row admin_label=&#8221;row&#8221;][et_pb_column type=&#8221;4_4&#8243;][et_pb_text admin_label=&#8221;Contexto&#8221; background_layout=&#8221;light&#8221; text_orientation=&#8221;left&#8221; use_border_color=&#8221;off&#8221; border_color=&#8221;#ffffff&#8221; border_style=&#8221;solid&#8221;]<\/p>\n<p><strong>Contextualiza\u00e7\u00e3o<\/strong><br \/>\nO Projeto B\u00e1sico Ambiental \u2013 PBA do Programa de Transporte Urbano de Curitiba 2002, teve como objetivo\u00a0apresentar as orienta\u00e7\u00f5es para a implementa\u00e7\u00e3o da Gest\u00e3o Ambiental, com \u00eanfase para os Programas\u00a0Ambientais, compreendendo a execu\u00e7\u00e3o das obras de prote\u00e7\u00e3o ambiental, a supervis\u00e3o ambiental e as diversas\u00a0atividades previstas, envolvendo n\u00e3o s\u00f3 o empreendedor, mas os demais \u00f3rg\u00e3os p\u00fablicos. Este PBA previu\u00a0tamb\u00e9m o tramento a ser dispensado \u00e0 popula\u00e7\u00e3o diretamente atingida pelas obras, na participa\u00e7\u00e3o de\u00a0determinados programas ambientais ou a aplica\u00e7\u00e3o desses, visando \u00e0 minimiza\u00e7\u00e3o dos conflitos advindos da\u00a0constru\u00e7\u00e3o das obras.<br \/>\nO PBA foi desenvolvido com base no Estudo de Impacto Ambiental do Eixo Metropolitano de Curitiba, na\u00a0Avalia\u00e7\u00e3o Estrat\u00e9gica do Programa BID II, nos Projetos de Engenharia do Eixo Metropolitano, nos Projetos de\u00a0Engenharia para Melhoramento de Vias Alimentadoras, de Implanta\u00e7\u00e3o e Recupera\u00e7\u00e3o de Ciclovias e de\u00a0Implanta\u00e7\u00e3o, Amplia\u00e7\u00e3o e Remodela\u00e7\u00e3o de Terminais de Integra\u00e7\u00e3o, bem como na orienta\u00e7\u00e3o do Programa BID e\u00a0do pr\u00f3prio IPPUC.<br \/>\nEste PBA cont\u00e9m a s\u00edntese do diagn\u00f3stico ambiental e da an\u00e1lise dos impactos ambientais e respectivas<\/p>\n<p>[\/et_pb_text][et_pb_text admin_label=&#8221;Titulo Localiza\u00e7\u00e3o&#8221; background_layout=&#8221;light&#8221; text_orientation=&#8221;left&#8221; use_border_color=&#8221;off&#8221; border_color=&#8221;#ffffff&#8221; border_style=&#8221;solid&#8221; saved_tabs=&#8221;all&#8221;]<\/p>\n<div class=\"page\" title=\"Page 23\">\n<p><span style=\"color: #006600;\"><span style=\"font-size: x-large;\">Localiza\u00e7\u00e3o<\/span><\/span><\/p>\n<\/div>\n<p>[\/et_pb_text][\/et_pb_column][\/et_pb_row][\/et_pb_section][et_pb_section admin_label=&#8221;section&#8221; fullwidth=&#8221;on&#8221; specialty=&#8221;off&#8221;][et_pb_fullwidth_map admin_label=&#8221;Mapa de Largura Completa&#8221; address=&#8221;Curitiba &#8211; PR, Brasil&#8221; zoom_level=&#8221;9&#8243; address_lat=&#8221;-25.31354580042549&#8243; address_lng=&#8221;-49.44974766459672&#8243; mouse_wheel=&#8221;on&#8221;] [et_pb_map_pin pin_address=&#8221;Curitiba &#8211; PR, Brasil&#8221; pin_address_lat=&#8221;-25.4289541&#8243; pin_address_lng=&#8221;-49.26713699999999&#8243; \/] [\/et_pb_fullwidth_map][\/et_pb_section]<\/p>\n","protected":false},"excerpt":{"rendered":"<p>[et_pb_section admin_label=&#8221;section&#8221; fullwidth=&#8221;on&#8221; specialty=&#8221;off&#8221;][et_pb_fullwidth_header admin_label=&#8221;Cabe\u00e7alho de Largura Completa&#8221; background_layout=&#8221;light&#8221; text_orientation=&#8221;left&#8221; header_fullscreen=&#8221;off&#8221; header_scroll_down=&#8221;off&#8221; parallax=&#8221;off&#8221; parallax_method=&#8221;off&#8221; content_orientation=&#8221;center&#8221; image_orientation=&#8221;center&#8221; custom_button_one=&#8221;off&#8221; button_one_letter_spacing=&#8221;0&#8243; button_one_use_icon=&#8221;default&#8221; button_one_icon_placement=&#8221;right&#8221; button_one_on_hover=&#8221;on&#8221; button_one_letter_spacing_hover=&#8221;0&#8243; custom_button_two=&#8221;off&#8221; button_two_letter_spacing=&#8221;0&#8243; button_two_use_icon=&#8221;default&#8221; button_two_icon_placement=&#8221;right&#8221; button_two_on_hover=&#8221;on&#8221; button_two_letter_spacing_hover=&#8221;0&#8243; background_color=&#8221;#7fd17b&#8221; subhead=&#8221;Transporte &gt; Rodovi\u00e1rio&#8221; title=&#8221;Plano B\u00e1sico Ambiental &#8211; Prefeitura de Curitiba \/ PR&#8221;] [\/et_pb_fullwidth_header][\/et_pb_section][et_pb_section admin_label=&#8221;section&#8221; fullwidth=&#8221;off&#8221; specialty=&#8221;off&#8221;][et_pb_row admin_label=&#8221;row&#8221;][et_pb_column type=&#8221;4_4&#8243;][et_pb_team_member admin_label=&#8221;Cliente&#8221; animation=&#8221;off&#8221; background_layout=&#8221;light&#8221; use_border_color=&#8221;off&#8221; border_color=&#8221;#ffffff&#8221; border_style=&#8221;solid&#8221; saved_tabs=&#8221;all&#8221; name=&#8221;Prefeitura [&hellip;]<\/p>\n","protected":false},"author":1,"featured_media":1405,"comment_status":"open","ping_status":"open","template":"","meta":{"_et_pb_use_builder":"on","_et_pb_old_content":"","footnotes":""},"project_category":[30,26,48,18,17],"project_tag":[],"class_list":["post-1398","project","type-project","status-publish","has-post-thumbnail","hentry","project_category-clientes","project_category-destaque","project_category-prefeitura-de-curitibapr","project_category-rodoviario","project_category-transporte"],"_links":{"self":[{"href":"https:\/\/www.mpb.eng.br\/n\/wp-json\/wp\/v2\/project\/1398","targetHints":{"allow":["GET"]}}],"collection":[{"href":"https:\/\/www.mpb.eng.br\/n\/wp-json\/wp\/v2\/project"}],"about":[{"href":"https:\/\/www.mpb.eng.br\/n\/wp-json\/wp\/v2\/types\/project"}],"author":[{"embeddable":true,"href":"https:\/\/www.mpb.eng.br\/n\/wp-json\/wp\/v2\/users\/1"}],"replies":[{"embeddable":true,"href":"https:\/\/www.mpb.eng.br\/n\/wp-json\/wp\/v2\/comments?post=1398"}],"version-history":[{"count":3,"href":"https:\/\/www.mpb.eng.br\/n\/wp-json\/wp\/v2\/project\/1398\/revisions"}],"predecessor-version":[{"id":2428,"href":"https:\/\/www.mpb.eng.br\/n\/wp-json\/wp\/v2\/project\/1398\/revisions\/2428"}],"wp:featuredmedia":[{"embeddable":true,"href":"https:\/\/www.mpb.eng.br\/n\/wp-json\/wp\/v2\/media\/1405"}],"wp:attachment":[{"href":"https:\/\/www.mpb.eng.br\/n\/wp-json\/wp\/v2\/media?parent=1398"}],"wp:term":[{"taxonomy":"project_category","embeddable":true,"href":"https:\/\/www.mpb.eng.br\/n\/wp-json\/wp\/v2\/project_category?post=1398"},{"taxonomy":"project_tag","embeddable":true,"href":"https:\/\/www.mpb.eng.br\/n\/wp-json\/wp\/v2\/project_tag?post=1398"}],"curies":[{"name":"wp","href":"https:\/\/api.w.org\/{rel}","templated":true}]}}

Plano Básico Ambiental &#8211; Prefeitura de Curitiba / PR

<p>[et_pb_section admin_label=&#8221;section&#8221; fullwidth=&#8221;on&#8221; specialty=&#8221;off&#8221;][et_pb_fullwidth_header admin_label=&#8221;Cabeçalho de Largura Completa&#8221; background_layout=&#8221;light&#8221; text_orientation=&#8221;left&#8221; header_fullscreen=&#8221;off&#8221; header_scroll_down=&#8221;off&#8221; parallax=&#8221;off&#8221; parallax_method=&#8221;off&#8221; content_orientation=&#8221;center&#8221; image_orientation=&#8221;center&#8221; custom_button_one=&#8221;off&#8221; button_one_letter_spacing=&#8221;0&#8243; button_one_use_icon=&#8221;default&#8221; button_one_icon_placement=&#8221;right&#8221; button_one_on_hover=&#8221;on&#8221; button_one_letter_spacing_hover=&#8221;0&#8243; custom_button_two=&#8221;off&#8221; button_two_letter_spacing=&#8221;0&#8243; button_two_use_icon=&#8221;default&#8221; button_two_icon_placement=&#8221;right&#8221; button_two_on_hover=&#8221;on&#8221; button_two_letter_spacing_hover=&#8221;0&#8243; background_color=&#8221;#7fd17b&#8221; subhead=&#8221;Transporte &gt; Rodoviário&#8221; title=&#8221;Plano Básico Ambiental &#8211; Prefeitura de Curitiba / PR&#8221;] [/et_pb_fullwidth_header][/et_pb_section][et_pb_section admin_label=&#8221;section&#8221; fullwidth=&#8221;off&#8221; specialty=&#8221;off&#8221;][et_pb_row admin_label=&#8221;row&#8221;][et_pb_column type=&#8221;4_4&#8243;][et_pb_team_member admin_label=&#8221;Cliente&#8221; animation=&#8221;off&#8221; background_layout=&#8221;light&#8221; use_border_color=&#8221;off&#8221; border_color=&#8221;#ffffff&#8221; border_style=&#8221;solid&#8221; saved_tabs=&#8221;all&#8221; name=&#8221;Prefeitura de Curitiba&#8221; position=&#8221;Prefeitura de Curitiba/PR&#8221; header_font_size=&#8221;18&#8243; body_font_size=&#8221;14&#8243;] [/et_pb_team_member][/et_pb_column][/et_pb_row][et_pb_row admin_label=&#8221;row&#8221;][et_pb_column type=&#8221;1_2&#8243;][et_pb_text admin_label=&#8221;Titulo &#8211; Descrição&#8221; background_layout=&#8221;light&#8221; text_orientation=&#8221;left&#8221; use_border_color=&#8221;off&#8221; border_color=&#8221;#ffffff&#8221; border_style=&#8221;solid&#8221; saved_tabs=&#8221;all&#8221;]</p>
<p><span style="color: #006600;"><span style="font-size: x-large;">Descrição</span></span></p>
<p>[/et_pb_text][et_pb_text admin_label=&#8221;Descrição Titulo + Datas&#8221; background_layout=&#8221;light&#8221; text_orientation=&#8221;left&#8221; use_border_color=&#8221;off&#8221; border_color=&#8221;#ffffff&#8221; border_style=&#8221;solid&#8221; saved_tabs=&#8221;all&#8221;]</p>
<div class="et_pb_text et_pb_module et_pb_bg_layout_light et_pb_text_align_left  et_pb_text_0">
<div class="page" title="Page 23">
<p>&nbsp;</p>
<table border="0" cellspacing="0" cellpadding="0">
<tbody>
<tr>
<td><strong>Inicio em :</strong></td>
<td> 2007</td>
</tr>
<tr>
<td><strong>Termino em :</strong></td>
<td> 2007</td>
</tr>
<tr>
<td><strong>Status :</strong></td>
<td>Completo</td>
</tr>
<tr>
<td><strong>Local :</strong></td>
<td> Curitiba/PR</td>
</tr>
</tbody>
</table>
</div>
</div>
<p>[/et_pb_text][et_pb_text admin_label=&#8221;Descrição&#8221; background_layout=&#8221;light&#8221; text_orientation=&#8221;left&#8221; use_border_color=&#8221;off&#8221; border_color=&#8221;#ffffff&#8221; border_style=&#8221;solid&#8221;]</p>
<div class="et_pb_text et_pb_module et_pb_bg_layout_light et_pb_text_align_left  et_pb_text_0"></div>
<p>[/et_pb_text][/et_pb_column][et_pb_column type=&#8221;1_2&#8243;][et_pb_gallery admin_label=&#8221;Galeria&#8221; gallery_ids=&#8221;1399,1400,1401,1402&#8243; fullwidth=&#8221;on&#8221; show_title_and_caption=&#8221;on&#8221; show_pagination=&#8221;on&#8221; background_layout=&#8221;light&#8221; auto=&#8221;on&#8221; hover_overlay_color=&#8221;rgba(255,255,255,0.9)&#8221; caption_all_caps=&#8221;off&#8221; use_border_color=&#8221;off&#8221; border_color=&#8221;#ffffff&#8221; border_style=&#8221;solid&#8221; auto_speed=&#8221;5000&#8243;] [/et_pb_gallery][/et_pb_column][/et_pb_row][et_pb_row admin_label=&#8221;row&#8221;][et_pb_column type=&#8221;4_4&#8243;][et_pb_text admin_label=&#8221;Contexto&#8221; background_layout=&#8221;light&#8221; text_orientation=&#8221;left&#8221; use_border_color=&#8221;off&#8221; border_color=&#8221;#ffffff&#8221; border_style=&#8221;solid&#8221;]</p>
<p><strong>Contextualização</strong><br />
O Projeto Básico Ambiental – PBA do Programa de Transporte Urbano de Curitiba 2002, teve como objetivo apresentar as orientações para a implementação da Gestão Ambiental, com ênfase para os Programas Ambientais, compreendendo a execução das obras de proteção ambiental, a supervisão ambiental e as diversas atividades previstas, envolvendo não só o empreendedor, mas os demais órgãos públicos. Este PBA previu também o tramento a ser dispensado à população diretamente atingida pelas obras, na participação de determinados programas ambientais ou a aplicação desses, visando à minimização dos conflitos advindos da construção das obras.<br />
O PBA foi desenvolvido com base no Estudo de Impacto Ambiental do Eixo Metropolitano de Curitiba, na Avaliação Estratégica do Programa BID II, nos Projetos de Engenharia do Eixo Metropolitano, nos Projetos de Engenharia para Melhoramento de Vias Alimentadoras, de Implantação e Recuperação de Ciclovias e de Implantação, Ampliação e Remodelação de Terminais de Integração, bem como na orientação do Programa BID e do próprio IPPUC.<br />
Este PBA contém a síntese do diagnóstico ambiental e da análise dos impactos ambientais e respectivas</p>
<p>[/et_pb_text][et_pb_text admin_label=&#8221;Titulo Localização&#8221; background_layout=&#8221;light&#8221; text_orientation=&#8221;left&#8221; use_border_color=&#8221;off&#8221; border_color=&#8221;#ffffff&#8221; border_style=&#8221;solid&#8221; saved_tabs=&#8221;all&#8221;]</p>
<div class="page" title="Page 23">
<p><span style="color: #006600;"><span style="font-size: x-large;">Localização</span></span></p>
</div>
<p>[/et_pb_text][/et_pb_column][/et_pb_row][/et_pb_section][et_pb_section admin_label=&#8221;section&#8221; fullwidth=&#8221;on&#8221; specialty=&#8221;off&#8221;][et_pb_fullwidth_map admin_label=&#8221;Mapa de Largura Completa&#8221; address=&#8221;Curitiba &#8211; PR, Brasil&#8221; zoom_level=&#8221;9&#8243; address_lat=&#8221;-25.31354580042549&#8243; address_lng=&#8221;-49.44974766459672&#8243; mouse_wheel=&#8221;on&#8221;] [et_pb_map_pin pin_address=&#8221;Curitiba &#8211; PR, Brasil&#8221; pin_address_lat=&#8221;-25.4289541&#8243; pin_address_lng=&#8221;-49.26713699999999&#8243; /] [/et_pb_fullwidth_map][/et_pb_section]</p>

<p>[et_pb_section admin_label=&#8221;section&#8221; fullwidth=&#8221;on&#8221; specialty=&#8221;off&#8221;][et_pb_fullwidth_header admin_label=&#8221;Cabeçalho de Largura Completa&#8221; background_layout=&#8221;light&#8221; text_orientation=&#8221;left&#8221; header_fullscreen=&#8221;off&#8221; header_scroll_down=&#8221;off&#8221; parallax=&#8221;off&#8221; parallax_method=&#8221;off&#8221; content_orientation=&#8221;center&#8221; image_orientation=&#8221;center&#8221; custom_button_one=&#8221;off&#8221; button_one_letter_spacing=&#8221;0&#8243; button_one_use_icon=&#8221;default&#8221; button_one_icon_placement=&#8221;right&#8221; button_one_on_hover=&#8221;on&#8221; button_one_letter_spacing_hover=&#8221;0&#8243; custom_button_two=&#8221;off&#8221; button_two_letter_spacing=&#8221;0&#8243; button_two_use_icon=&#8221;default&#8221; button_two_icon_placement=&#8221;right&#8221; button_two_on_hover=&#8221;on&#8221; button_two_letter_spacing_hover=&#8221;0&#8243; background_color=&#8221;#7fd17b&#8221; subhead=&#8221;Transporte &gt; Rodoviário&#8221; title=&#8221;Plano Básico Ambiental &#8211; Prefeitura de Curitiba / PR&#8221;] [/et_pb_fullwidth_header][/et_pb_section][et_pb_section admin_label=&#8221;section&#8221; fullwidth=&#8221;off&#8221; specialty=&#8221;off&#8221;][et_pb_row admin_label=&#8221;row&#8221;][et_pb_column type=&#8221;4_4&#8243;][et_pb_team_member admin_label=&#8221;Cliente&#8221; animation=&#8221;off&#8221; background_layout=&#8221;light&#8221; use_border_color=&#8221;off&#8221; border_color=&#8221;#ffffff&#8221; border_style=&#8221;solid&#8221; saved_tabs=&#8221;all&#8221; name=&#8221;Prefeitura [&hellip;]</p>
