{"id":1258,"date":"2015-08-06T14:44:13","date_gmt":"2015-08-06T17:44:13","guid":{"rendered":"http:\/\/www.mpb.eng.br\/novo\/?post_type=project&#038;p=1258"},"modified":"2015-12-10T16:42:17","modified_gmt":"2015-12-10T19:42:17","slug":"supervisao-ambiental-e-estudos-ambientais-br-116pr-br-376pr-e-br-101sc","status":"publish","type":"project","link":"https:\/\/www.mpb.eng.br\/n\/project\/supervisao-ambiental-e-estudos-ambientais-br-116pr-br-376pr-e-br-101sc\/","title":{"rendered":"Supervis\u00e3o Ambiental e Estudos Ambientais BR 116\/PR, BR 376\/PR e BR 101\/SC"},"content":{"rendered":"<p>[et_pb_section admin_label=&#8221;section&#8221; fullwidth=&#8221;on&#8221; specialty=&#8221;off&#8221;][et_pb_fullwidth_header admin_label=&#8221;Cabe\u00e7alho de Largura Completa&#8221; title=&#8221;Supervis\u00e3o Ambiental e Estudos Ambientais BR 116\/PR, BR 376\/PR e BR 101\/SC&#8221; background_layout=&#8221;light&#8221; text_orientation=&#8221;left&#8221; header_fullscreen=&#8221;off&#8221; header_scroll_down=&#8221;off&#8221; parallax=&#8221;off&#8221; parallax_method=&#8221;off&#8221; content_orientation=&#8221;center&#8221; image_orientation=&#8221;center&#8221; custom_button_one=&#8221;off&#8221; button_one_letter_spacing=&#8221;0&#8243; button_one_use_icon=&#8221;default&#8221; button_one_icon_placement=&#8221;right&#8221; button_one_on_hover=&#8221;on&#8221; button_one_letter_spacing_hover=&#8221;0&#8243; custom_button_two=&#8221;off&#8221; button_two_letter_spacing=&#8221;0&#8243; button_two_use_icon=&#8221;default&#8221; button_two_icon_placement=&#8221;right&#8221; button_two_on_hover=&#8221;on&#8221; button_two_letter_spacing_hover=&#8221;0&#8243; background_color=&#8221;#7fd17b&#8221; subhead=&#8221;Transporte &gt; Rodovi\u00e1rio&#8221;] [\/et_pb_fullwidth_header][\/et_pb_section][et_pb_section admin_label=&#8221;section&#8221; fullwidth=&#8221;off&#8221; specialty=&#8221;off&#8221;][et_pb_row admin_label=&#8221;row&#8221;][et_pb_column type=&#8221;4_4&#8243;][et_pb_team_member admin_label=&#8221;Cliente&#8221; name=&#8221;Autopista Litoral Sul&#8221; animation=&#8221;off&#8221; background_layout=&#8221;light&#8221; use_border_color=&#8221;off&#8221; border_color=&#8221;#ffffff&#8221; border_style=&#8221;solid&#8221; position=&#8221;Concession\u00e1ria&#8221; saved_tabs=&#8221;all&#8221; header_font_size=&#8221;18&#8243; body_font_size=&#8221;14&#8243;] [\/et_pb_team_member][\/et_pb_column][\/et_pb_row][et_pb_row admin_label=&#8221;row&#8221;][et_pb_column type=&#8221;1_2&#8243;][et_pb_text admin_label=&#8221;Titulo &#8211; Descri\u00e7\u00e3o&#8221; background_layout=&#8221;light&#8221; text_orientation=&#8221;left&#8221; use_border_color=&#8221;off&#8221; border_color=&#8221;#ffffff&#8221; border_style=&#8221;solid&#8221; saved_tabs=&#8221;all&#8221;]<\/p>\n<p><span style=\"color: #006600;\"><span style=\"font-size: x-large;\">Descri\u00e7\u00e3o<\/span><\/span><\/p>\n<p>[\/et_pb_text][et_pb_text admin_label=&#8221;Descri\u00e7\u00e3o&#8221; background_layout=&#8221;light&#8221; text_orientation=&#8221;left&#8221; use_border_color=&#8221;off&#8221; border_color=&#8221;#ffffff&#8221; border_style=&#8221;solid&#8221;]<\/p>\n<div class=\"et_pb_text et_pb_module et_pb_bg_layout_light et_pb_text_align_left  et_pb_text_0\">\n<div class=\"page\" title=\"Page 23\">\n<table border=\"0\" cellspacing=\"0\" cellpadding=\"0\">\n<tbody>\n<tr>\n<td><strong>Inicio\u00a0em :<\/strong><\/td>\n<td><span class=\"AnoCalc\">2008<\/span><\/td>\n<\/tr>\n<tr>\n<td><strong>Termino\u00a0em :<\/strong><\/td>\n<td>2008<\/td>\n<\/tr>\n<tr>\n<td><strong>Status :<\/strong><\/td>\n<td>Completo<\/td>\n<\/tr>\n<tr>\n<td><strong>Local :<\/strong><\/td>\n<td>Santa Catarina e Paran\u00e1<\/td>\n<\/tr>\n<\/tbody>\n<\/table>\n<\/div>\n<\/div>\n<div class=\"et_pb_text et_pb_module et_pb_bg_layout_light et_pb_text_align_left  et_pb_text_1\"><\/div>\n<p>Supervis\u00e3o ambiental das obras de pra\u00e7as de ped\u00e1gio, marginais, da corre\u00e7\u00e3o geom\u00e9trica de tra\u00e7ado no rio s\u00e3o jo\u00e3o, gerenciamento ambiental de licen\u00e7as e autoriza\u00e7\u00f5es de supress\u00e3o de vegeta\u00e7\u00e3o das rodovias BR\u00a0116\/PR, BR\u00a0376\/PR e BR\u00a0101\/SC, trecho Curitiba &#8211; Palho\u00e7a, extens\u00e3o de 382,3 km<\/p>\n<p>[\/et_pb_text][\/et_pb_column][et_pb_column type=&#8221;1_2&#8243;][et_pb_gallery admin_label=&#8221;Galeria&#8221; gallery_ids=&#8221;1267,1268,1262,1261,1263,1264&#8243; fullwidth=&#8221;on&#8221; show_title_and_caption=&#8221;off&#8221; show_pagination=&#8221;on&#8221; background_layout=&#8221;light&#8221; auto=&#8221;on&#8221; hover_overlay_color=&#8221;rgba(255,255,255,0.9)&#8221; caption_all_caps=&#8221;off&#8221; use_border_color=&#8221;off&#8221; border_color=&#8221;#ffffff&#8221; border_style=&#8221;solid&#8221; auto_speed=&#8221;5000&#8243;] [\/et_pb_gallery][\/et_pb_column][\/et_pb_row][et_pb_row admin_label=&#8221;row&#8221;][et_pb_column type=&#8221;4_4&#8243;][et_pb_text admin_label=&#8221;Contexto&#8221; background_layout=&#8221;light&#8221; text_orientation=&#8221;left&#8221; use_border_color=&#8221;off&#8221; border_color=&#8221;#ffffff&#8221; border_style=&#8221;solid&#8221;]<\/p>\n<div class=\"page\" title=\"Page 23\"><strong>Contextualiza\u00e7\u00e3o<\/strong><\/div>\n<div class=\"page\" title=\"Page 23\">Em 14 de fevereiro de 2008 a Autopista Litoral Sul S\/A, parte integrante do Grupo OHL Brasil, firmou contrato de concess\u00e3o com a Uni\u00e3o, por interm\u00e9dio da Ag\u00eancia\u00a0Nacional de transportes Terrestres, para administrar e conservar por 25 anos um trecho de 382,3 quil\u00f4metros de rodovias.<br \/>\nO trecho de concess\u00e3o \u00e9 conhecido como Corredor do Mercosul, compreendendo o Contorno Leste de Curitiba (BR 116\/PR), seguindo ao Sul pela BR 376\/PR at\u00e9 o estado\u00a0de Santa Catarina. No estado catarinense, segue pela BR 101\/SC, passando pelas regi\u00f5es urbanas de Joinville, Itaja\u00ed e Grande Florian\u00f3polis, com o t\u00e9rmino do trecho de<br \/>\nconcess\u00e3o no munic\u00edpio de Palho\u00e7a.<br \/>\nA concess\u00e3o obtida pela Autopista Litoral sul estabeleceu uma s\u00e9rie de obras e melhorias a serem implantadas pela Concession\u00e1ria antes da autoriza\u00e7\u00e3o para a cobran\u00e7a\u00a0de ped\u00e1gio, bem como estabelece metas de obras e melhorias a serem executadas nos primeiros anos de concess\u00e3o, como por exemplo a instala\u00e7\u00e3o do Contorno<br \/>\nRodovi\u00e1rio de Florian\u00f3polis.<br \/>\nAtualmente a Autopista Litoral Sul executa, al\u00e9m de obras de conserva rodovi\u00e1ria, obras como Passarelas, Marginais, Melhorias de Acesso, dentre outras, estando\u00a0previsto tamb\u00e9m o Contorno Rodovi\u00e1rio de Florian\u00f3polis.<br \/>\nServi\u00e7os realizados no trecho de concess\u00e3o da Autopista Litoral Sul.<\/div>\n<div class=\"page\" title=\"Page 23\"><\/div>\n<ul>\n<li>Execu\u00e7\u00e3o da supervis\u00e3o ambiental das obras de instala\u00e7\u00e3o das 5 (cinco) Pra\u00e7as de Ped\u00e1gio, conhecidas como P1, P2,\u00a0P3,P4 e P5, das obras e melhorias que constam no compromisso da Concession\u00e1ria perante a sociedade, bem como o\u00a0gerenciamento das licen\u00e7as ambientais e autoriza\u00e7\u00f5es ambientais emitidas pelas entidades Federal, Estadual e\u00a0Municipal, com a observ\u00e2ncia de suas condicionantes, apresentando ao cliente relat\u00f3rios peri\u00f3dicos de supervis\u00e3o e<br \/>\ngerenciamento.<\/li>\n<li>Utiliza\u00e7\u00e3o do software Sistema de Gest\u00e3o Ambiental de Obras da MPB Engenharia no armazenamento de informa\u00e7\u00f5es,\u00a0gera\u00e7\u00e3o de relat\u00f3rios e comunicados \u00e0 Autopista Litoral Sul da situa\u00e7\u00e3o ambiental de cada obra objeto de supervis\u00e3o\u00a0ambiental.<\/li>\n<li>Execu\u00e7\u00e3o de estudos ambientais que apoiaram o processo de licenciamento ambiental de obras, como a Corre\u00e7\u00e3o\u00a0Geom\u00e9trica de Tra\u00e7ado S\u00e3o Jo\u00e3o, no munic\u00edpio de Tijucas do Sul\/PR, as Marginais \u00e0 BR 101\/SC em Tijucas\/SC, em\u00a0Itapema\/SC e em Cambori\u00fa\/SC.<\/li>\n<\/ul>\n<p>[\/et_pb_text][et_pb_text admin_label=&#8221;Titulo Localiza\u00e7\u00e3o&#8221; background_layout=&#8221;light&#8221; text_orientation=&#8221;left&#8221; use_border_color=&#8221;off&#8221; border_color=&#8221;#ffffff&#8221; border_style=&#8221;solid&#8221; saved_tabs=&#8221;all&#8221;]<\/p>\n<div class=\"page\" title=\"Page 23\">\n<p><span style=\"color: #006600;\"><span style=\"font-size: x-large;\">Localiza\u00e7\u00e3o<\/span><\/span><\/p>\n<\/div>\n<p>[\/et_pb_text][\/et_pb_column][\/et_pb_row][\/et_pb_section][et_pb_section admin_label=&#8221;section&#8221; fullwidth=&#8221;on&#8221; specialty=&#8221;off&#8221;][et_pb_fullwidth_image admin_label=&#8221;Imagem de Largura Inteira&#8221; src=&#8221;http:\/\/www.mpb.eng.br\/novo\/wp-content\/uploads\/2015\/08\/Screenshot-from-2015-08-06-145500.png&#8221; show_in_lightbox=&#8221;off&#8221; url_new_window=&#8221;off&#8221; animation=&#8221;off&#8221; use_border_color=&#8221;off&#8221; border_color=&#8221;#ffffff&#8221; border_style=&#8221;solid&#8221;] [\/et_pb_fullwidth_image][\/et_pb_section]<\/p>\n","protected":false},"excerpt":{"rendered":"<p>[et_pb_section admin_label=&#8221;section&#8221; fullwidth=&#8221;on&#8221; specialty=&#8221;off&#8221;][et_pb_fullwidth_header admin_label=&#8221;Cabe\u00e7alho de Largura Completa&#8221; title=&#8221;Supervis\u00e3o Ambiental e Estudos Ambientais BR 116\/PR, BR 376\/PR e BR 101\/SC&#8221; background_layout=&#8221;light&#8221; text_orientation=&#8221;left&#8221; header_fullscreen=&#8221;off&#8221; header_scroll_down=&#8221;off&#8221; parallax=&#8221;off&#8221; parallax_method=&#8221;off&#8221; content_orientation=&#8221;center&#8221; image_orientation=&#8221;center&#8221; custom_button_one=&#8221;off&#8221; button_one_letter_spacing=&#8221;0&#8243; button_one_use_icon=&#8221;default&#8221; button_one_icon_placement=&#8221;right&#8221; button_one_on_hover=&#8221;on&#8221; button_one_letter_spacing_hover=&#8221;0&#8243; custom_button_two=&#8221;off&#8221; button_two_letter_spacing=&#8221;0&#8243; button_two_use_icon=&#8221;default&#8221; button_two_icon_placement=&#8221;right&#8221; button_two_on_hover=&#8221;on&#8221; button_two_letter_spacing_hover=&#8221;0&#8243; background_color=&#8221;#7fd17b&#8221; subhead=&#8221;Transporte &gt; Rodovi\u00e1rio&#8221;] [\/et_pb_fullwidth_header][\/et_pb_section][et_pb_section admin_label=&#8221;section&#8221; fullwidth=&#8221;off&#8221; specialty=&#8221;off&#8221;][et_pb_row admin_label=&#8221;row&#8221;][et_pb_column type=&#8221;4_4&#8243;][et_pb_team_member admin_label=&#8221;Cliente&#8221; name=&#8221;Autopista Litoral Sul&#8221; animation=&#8221;off&#8221; [&hellip;]<\/p>\n","protected":false},"author":1,"featured_media":1331,"comment_status":"open","ping_status":"open","template":"","meta":{"_et_pb_use_builder":"on","_et_pb_old_content":"","footnotes":""},"project_category":[49,30,18,17],"project_tag":[],"class_list":["post-1258","project","type-project","status-publish","has-post-thumbnail","hentry","project_category-autopista-litoral-sul","project_category-clientes","project_category-rodoviario","project_category-transporte"],"_links":{"self":[{"href":"https:\/\/www.mpb.eng.br\/n\/wp-json\/wp\/v2\/project\/1258","targetHints":{"allow":["GET"]}}],"collection":[{"href":"https:\/\/www.mpb.eng.br\/n\/wp-json\/wp\/v2\/project"}],"about":[{"href":"https:\/\/www.mpb.eng.br\/n\/wp-json\/wp\/v2\/types\/project"}],"author":[{"embeddable":true,"href":"https:\/\/www.mpb.eng.br\/n\/wp-json\/wp\/v2\/users\/1"}],"replies":[{"embeddable":true,"href":"https:\/\/www.mpb.eng.br\/n\/wp-json\/wp\/v2\/comments?post=1258"}],"version-history":[{"count":10,"href":"https:\/\/www.mpb.eng.br\/n\/wp-json\/wp\/v2\/project\/1258\/revisions"}],"predecessor-version":[{"id":2432,"href":"https:\/\/www.mpb.eng.br\/n\/wp-json\/wp\/v2\/project\/1258\/revisions\/2432"}],"wp:featuredmedia":[{"embeddable":true,"href":"https:\/\/www.mpb.eng.br\/n\/wp-json\/wp\/v2\/media\/1331"}],"wp:attachment":[{"href":"https:\/\/www.mpb.eng.br\/n\/wp-json\/wp\/v2\/media?parent=1258"}],"wp:term":[{"taxonomy":"project_category","embeddable":true,"href":"https:\/\/www.mpb.eng.br\/n\/wp-json\/wp\/v2\/project_category?post=1258"},{"taxonomy":"project_tag","embeddable":true,"href":"https:\/\/www.mpb.eng.br\/n\/wp-json\/wp\/v2\/project_tag?post=1258"}],"curies":[{"name":"wp","href":"https:\/\/api.w.org\/{rel}","templated":true}]}}

Supervisão Ambiental e Estudos Ambientais BR 116/PR, BR 376/PR e BR 101/SC

<p>[et_pb_section admin_label=&#8221;section&#8221; fullwidth=&#8221;on&#8221; specialty=&#8221;off&#8221;][et_pb_fullwidth_header admin_label=&#8221;Cabeçalho de Largura Completa&#8221; title=&#8221;Supervisão Ambiental e Estudos Ambientais BR 116/PR, BR 376/PR e BR 101/SC&#8221; background_layout=&#8221;light&#8221; text_orientation=&#8221;left&#8221; header_fullscreen=&#8221;off&#8221; header_scroll_down=&#8221;off&#8221; parallax=&#8221;off&#8221; parallax_method=&#8221;off&#8221; content_orientation=&#8221;center&#8221; image_orientation=&#8221;center&#8221; custom_button_one=&#8221;off&#8221; button_one_letter_spacing=&#8221;0&#8243; button_one_use_icon=&#8221;default&#8221; button_one_icon_placement=&#8221;right&#8221; button_one_on_hover=&#8221;on&#8221; button_one_letter_spacing_hover=&#8221;0&#8243; custom_button_two=&#8221;off&#8221; button_two_letter_spacing=&#8221;0&#8243; button_two_use_icon=&#8221;default&#8221; button_two_icon_placement=&#8221;right&#8221; button_two_on_hover=&#8221;on&#8221; button_two_letter_spacing_hover=&#8221;0&#8243; background_color=&#8221;#7fd17b&#8221; subhead=&#8221;Transporte &gt; Rodoviário&#8221;] [/et_pb_fullwidth_header][/et_pb_section][et_pb_section admin_label=&#8221;section&#8221; fullwidth=&#8221;off&#8221; specialty=&#8221;off&#8221;][et_pb_row admin_label=&#8221;row&#8221;][et_pb_column type=&#8221;4_4&#8243;][et_pb_team_member admin_label=&#8221;Cliente&#8221; name=&#8221;Autopista Litoral Sul&#8221; animation=&#8221;off&#8221; background_layout=&#8221;light&#8221; use_border_color=&#8221;off&#8221; border_color=&#8221;#ffffff&#8221; border_style=&#8221;solid&#8221; position=&#8221;Concessionária&#8221; saved_tabs=&#8221;all&#8221; header_font_size=&#8221;18&#8243; body_font_size=&#8221;14&#8243;] [/et_pb_team_member][/et_pb_column][/et_pb_row][et_pb_row admin_label=&#8221;row&#8221;][et_pb_column type=&#8221;1_2&#8243;][et_pb_text admin_label=&#8221;Titulo &#8211; Descrição&#8221; background_layout=&#8221;light&#8221; text_orientation=&#8221;left&#8221; use_border_color=&#8221;off&#8221; border_color=&#8221;#ffffff&#8221; border_style=&#8221;solid&#8221; saved_tabs=&#8221;all&#8221;]</p>
<p><span style="color: #006600;"><span style="font-size: x-large;">Descrição</span></span></p>
<p>[/et_pb_text][et_pb_text admin_label=&#8221;Descrição&#8221; background_layout=&#8221;light&#8221; text_orientation=&#8221;left&#8221; use_border_color=&#8221;off&#8221; border_color=&#8221;#ffffff&#8221; border_style=&#8221;solid&#8221;]</p>
<div class="et_pb_text et_pb_module et_pb_bg_layout_light et_pb_text_align_left  et_pb_text_0">
<div class="page" title="Page 23">
<table border="0" cellspacing="0" cellpadding="0">
<tbody>
<tr>
<td><strong>Inicio em :</strong></td>
<td><span class="AnoCalc">2008</span></td>
</tr>
<tr>
<td><strong>Termino em :</strong></td>
<td>2008</td>
</tr>
<tr>
<td><strong>Status :</strong></td>
<td>Completo</td>
</tr>
<tr>
<td><strong>Local :</strong></td>
<td>Santa Catarina e Paraná</td>
</tr>
</tbody>
</table>
</div>
</div>
<div class="et_pb_text et_pb_module et_pb_bg_layout_light et_pb_text_align_left  et_pb_text_1"></div>
<p>Supervisão ambiental das obras de praças de pedágio, marginais, da correção geométrica de traçado no rio são joão, gerenciamento ambiental de licenças e autorizações de supressão de vegetação das rodovias BR 116/PR, BR 376/PR e BR 101/SC, trecho Curitiba &#8211; Palhoça, extensão de 382,3 km</p>
<p>[/et_pb_text][/et_pb_column][et_pb_column type=&#8221;1_2&#8243;][et_pb_gallery admin_label=&#8221;Galeria&#8221; gallery_ids=&#8221;1267,1268,1262,1261,1263,1264&#8243; fullwidth=&#8221;on&#8221; show_title_and_caption=&#8221;off&#8221; show_pagination=&#8221;on&#8221; background_layout=&#8221;light&#8221; auto=&#8221;on&#8221; hover_overlay_color=&#8221;rgba(255,255,255,0.9)&#8221; caption_all_caps=&#8221;off&#8221; use_border_color=&#8221;off&#8221; border_color=&#8221;#ffffff&#8221; border_style=&#8221;solid&#8221; auto_speed=&#8221;5000&#8243;] [/et_pb_gallery][/et_pb_column][/et_pb_row][et_pb_row admin_label=&#8221;row&#8221;][et_pb_column type=&#8221;4_4&#8243;][et_pb_text admin_label=&#8221;Contexto&#8221; background_layout=&#8221;light&#8221; text_orientation=&#8221;left&#8221; use_border_color=&#8221;off&#8221; border_color=&#8221;#ffffff&#8221; border_style=&#8221;solid&#8221;]</p>
<div class="page" title="Page 23"><strong>Contextualização</strong></div>
<div class="page" title="Page 23">Em 14 de fevereiro de 2008 a Autopista Litoral Sul S/A, parte integrante do Grupo OHL Brasil, firmou contrato de concessão com a União, por intermédio da Agência Nacional de transportes Terrestres, para administrar e conservar por 25 anos um trecho de 382,3 quilômetros de rodovias.<br />
O trecho de concessão é conhecido como Corredor do Mercosul, compreendendo o Contorno Leste de Curitiba (BR 116/PR), seguindo ao Sul pela BR 376/PR até o estado de Santa Catarina. No estado catarinense, segue pela BR 101/SC, passando pelas regiões urbanas de Joinville, Itajaí e Grande Florianópolis, com o término do trecho de<br />
concessão no município de Palhoça.<br />
A concessão obtida pela Autopista Litoral sul estabeleceu uma série de obras e melhorias a serem implantadas pela Concessionária antes da autorização para a cobrança de pedágio, bem como estabelece metas de obras e melhorias a serem executadas nos primeiros anos de concessão, como por exemplo a instalação do Contorno<br />
Rodoviário de Florianópolis.<br />
Atualmente a Autopista Litoral Sul executa, além de obras de conserva rodoviária, obras como Passarelas, Marginais, Melhorias de Acesso, dentre outras, estando previsto também o Contorno Rodoviário de Florianópolis.<br />
Serviços realizados no trecho de concessão da Autopista Litoral Sul.</div>
<div class="page" title="Page 23"></div>
<ul>
<li>Execução da supervisão ambiental das obras de instalação das 5 (cinco) Praças de Pedágio, conhecidas como P1, P2, P3,P4 e P5, das obras e melhorias que constam no compromisso da Concessionária perante a sociedade, bem como o gerenciamento das licenças ambientais e autorizações ambientais emitidas pelas entidades Federal, Estadual e Municipal, com a observância de suas condicionantes, apresentando ao cliente relatórios periódicos de supervisão e<br />
gerenciamento.</li>
<li>Utilização do software Sistema de Gestão Ambiental de Obras da MPB Engenharia no armazenamento de informações, geração de relatórios e comunicados à Autopista Litoral Sul da situação ambiental de cada obra objeto de supervisão ambiental.</li>
<li>Execução de estudos ambientais que apoiaram o processo de licenciamento ambiental de obras, como a Correção Geométrica de Traçado São João, no município de Tijucas do Sul/PR, as Marginais à BR 101/SC em Tijucas/SC, em Itapema/SC e em Camboriú/SC.</li>
</ul>
<p>[/et_pb_text][et_pb_text admin_label=&#8221;Titulo Localização&#8221; background_layout=&#8221;light&#8221; text_orientation=&#8221;left&#8221; use_border_color=&#8221;off&#8221; border_color=&#8221;#ffffff&#8221; border_style=&#8221;solid&#8221; saved_tabs=&#8221;all&#8221;]</p>
<div class="page" title="Page 23">
<p><span style="color: #006600;"><span style="font-size: x-large;">Localização</span></span></p>
</div>
<p>[/et_pb_text][/et_pb_column][/et_pb_row][/et_pb_section][et_pb_section admin_label=&#8221;section&#8221; fullwidth=&#8221;on&#8221; specialty=&#8221;off&#8221;][et_pb_fullwidth_image admin_label=&#8221;Imagem de Largura Inteira&#8221; src=&#8221;http://www.mpb.eng.br/novo/wp-content/uploads/2015/08/Screenshot-from-2015-08-06-145500.png&#8221; show_in_lightbox=&#8221;off&#8221; url_new_window=&#8221;off&#8221; animation=&#8221;off&#8221; use_border_color=&#8221;off&#8221; border_color=&#8221;#ffffff&#8221; border_style=&#8221;solid&#8221;] [/et_pb_fullwidth_image][/et_pb_section]</p>

<p>[et_pb_section admin_label=&#8221;section&#8221; fullwidth=&#8221;on&#8221; specialty=&#8221;off&#8221;][et_pb_fullwidth_header admin_label=&#8221;Cabeçalho de Largura Completa&#8221; title=&#8221;Supervisão Ambiental e Estudos Ambientais BR 116/PR, BR 376/PR e BR 101/SC&#8221; background_layout=&#8221;light&#8221; text_orientation=&#8221;left&#8221; header_fullscreen=&#8221;off&#8221; header_scroll_down=&#8221;off&#8221; parallax=&#8221;off&#8221; parallax_method=&#8221;off&#8221; content_orientation=&#8221;center&#8221; image_orientation=&#8221;center&#8221; custom_button_one=&#8221;off&#8221; button_one_letter_spacing=&#8221;0&#8243; button_one_use_icon=&#8221;default&#8221; button_one_icon_placement=&#8221;right&#8221; button_one_on_hover=&#8221;on&#8221; button_one_letter_spacing_hover=&#8221;0&#8243; custom_button_two=&#8221;off&#8221; button_two_letter_spacing=&#8221;0&#8243; button_two_use_icon=&#8221;default&#8221; button_two_icon_placement=&#8221;right&#8221; button_two_on_hover=&#8221;on&#8221; button_two_letter_spacing_hover=&#8221;0&#8243; background_color=&#8221;#7fd17b&#8221; subhead=&#8221;Transporte &gt; Rodoviário&#8221;] [/et_pb_fullwidth_header][/et_pb_section][et_pb_section admin_label=&#8221;section&#8221; fullwidth=&#8221;off&#8221; specialty=&#8221;off&#8221;][et_pb_row admin_label=&#8221;row&#8221;][et_pb_column type=&#8221;4_4&#8243;][et_pb_team_member admin_label=&#8221;Cliente&#8221; name=&#8221;Autopista Litoral Sul&#8221; animation=&#8221;off&#8221; [&hellip;]</p>
