{"id":61,"date":"2015-07-06T15:49:03","date_gmt":"2015-07-06T15:49:03","guid":{"rendered":"http:\/\/0.0.0.0\/?page_id=61"},"modified":"2018-08-30T17:09:49","modified_gmt":"2018-08-30T20:09:49","slug":"sobre-a-mpb","status":"publish","type":"page","link":"https:\/\/www.mpb.eng.br\/n\/sobre-a-mpb\/","title":{"rendered":"Sobre a MPB"},"content":{"rendered":"<p>[et_pb_section admin_label=&#8221;Se\u00e7\u00e3o&#8221; fullwidth=&#8221;on&#8221; specialty=&#8221;off&#8221;][et_pb_fullwidth_header admin_label=&#8221;Cabe\u00e7alho de Largura Completa&#8221; title=&#8221;MPB Engenharia&#8221; background_layout=&#8221;dark&#8221; text_orientation=&#8221;center&#8221; header_fullscreen=&#8221;off&#8221; header_scroll_down=&#8221;off&#8221; parallax=&#8221;on&#8221; parallax_method=&#8221;off&#8221; content_orientation=&#8221;center&#8221; image_orientation=&#8221;center&#8221; title_font_color=&#8221;#ffffff&#8221; custom_button_one=&#8221;off&#8221; button_one_letter_spacing=&#8221;0&#8243; button_one_use_icon=&#8221;default&#8221; button_one_icon_placement=&#8221;right&#8221; button_one_on_hover=&#8221;on&#8221; button_one_letter_spacing_hover=&#8221;0&#8243; custom_button_two=&#8221;off&#8221; button_two_letter_spacing=&#8221;0&#8243; button_two_use_icon=&#8221;default&#8221; button_two_icon_placement=&#8221;right&#8221; button_two_on_hover=&#8221;on&#8221; button_two_letter_spacing_hover=&#8221;0&#8243; background_url=&#8221;http:\/\/www.mpb.eng.br\/n\/wp-content\/uploads\/2015\/07\/rodovia_pb.png&#8221; title_font_size=&#8221;32&#8243; saved_tabs=&#8221;all&#8221; scroll_down_icon=&#8221;%%1%%&#8221; background_overlay_color=&#8221;rgba(16,34,43,0.95)&#8221; title_font=&#8221;Raleway||||&#8221; scroll_down_icon_color=&#8221;#0b71b9&#8243;] [\/et_pb_fullwidth_header][\/et_pb_section][et_pb_section admin_label=&#8221;section&#8221; background_image=&#8221;http:\/\/www.mpb.eng.br\/n\/wp-content\/uploads\/2015\/07\/servi\u00e7os_back-01.png&#8221; transparent_background=&#8221;off&#8221; allow_player_pause=&#8221;off&#8221; inner_shadow=&#8221;off&#8221; parallax=&#8221;on&#8221; parallax_method=&#8221;off&#8221; padding_mobile=&#8221;off&#8221; make_fullwidth=&#8221;off&#8221; use_custom_width=&#8221;off&#8221; width_unit=&#8221;on&#8221; make_equal=&#8221;off&#8221; use_custom_gutter=&#8221;off&#8221; gutter_width=&#8221;3&#8243;][et_pb_row admin_label=&#8221;row&#8221;][et_pb_column type=&#8221;4_4&#8243;][et_pb_text admin_label=&#8221;Texto&#8221; background_layout=&#8221;light&#8221; text_orientation=&#8221;left&#8221; use_border_color=&#8221;off&#8221; border_color=&#8221;#ffffff&#8221; border_style=&#8221;solid&#8221;]<\/p>\n<p>A MPB Engenharia \u00e9\u00a0uma empresa brasileira, com escrit\u00f3rios permanentes em Florian\u00f3polis\/SC, Bras\u00edlia\/DF e Macap\u00e1\/AP. Possui mais de 30 anos de atua\u00e7\u00e3o, especializada na presta\u00e7\u00e3o de servi\u00e7os de engenharia consultiva, em recursos h\u00eddricos, meio ambiente \u00a0e componentes ind\u00edgenas para os setores p\u00fablicos e privados.<\/p>\n<p>Tem atuado destacadamente em gest\u00e3o, supervis\u00e3o, gerenciamento e projetos, prestando tamb\u00e9m assessoria t\u00e9cnica institucional em processos de licenciamento ambiental.<\/p>\n<p>Com um quadro t\u00e9cnico profissional de larga experi\u00eancia, vem atuando em gest\u00e3o de projetos para empreendimentos voltados para os setores de transporte (rodovias, ferrovias e portos), energia, saneamento ambiental, recursos h\u00eddricos e ind\u00fastrias de forma geral.<\/p>\n<p>Nos \u00faltimos anos, a MPB recebeu o Diploma de Honra ao M\u00e9rito por seu desempenho entre as 80 maiores do Ranking da Engenharia de Consultoria Brasileira pela revista &#8220;O Empreiteiro&#8221;, fato relevante e de extrema import\u00e2ncia como reconhecimento da qualidade e seriedade do trabalho desenvolvido.<\/p>\n<p>Com certifica\u00e7\u00e3o na ISO 9.001:2008 e ISO 14.001:2004, buscou aprimorar seu sistema de gest\u00e3o qualidade e sistema de gest\u00e3o ambiental, demonstrando sua preocupa\u00e7\u00e3o em apoiar projetos pr\u00e1ticas de qualidade e sustent\u00e1veis.<\/p>\n<p>A MPB vem dominando e desenvolvendo as mais modernas tecnologias, o que lhe propicia elaborar solu\u00e7\u00f5es espec\u00edficas e adaptadas a cada realidade local ou regional.<\/p>\n<p>A organiza\u00e7\u00e3o baseia-se em uma administra\u00e7\u00e3o objetiva, garantindo o desenvolvimento dos trabalhos nos prazos estabelecidos, propiciando uma atua\u00e7\u00e3o din\u00e2mica e flex\u00edvel. Os \u00eaxitos obtidos atrav\u00e9s destes princ\u00edpios, resultam em um excelente conceito da MPB perante seus clientes, comprovando sua capacidade t\u00e9cnica e consequentemente produzindo resultados positivos para todos envolvidos na \u00e1rea em que atua.<\/p>\n<p>[\/et_pb_text][et_pb_text admin_label=&#8221;Certifica\u00e7\u00f5es e Premia\u00e7\u00f5es&#8221; background_layout=&#8221;light&#8221; text_orientation=&#8221;left&#8221; use_border_color=&#8221;off&#8221; border_color=&#8221;#ffffff&#8221; border_style=&#8221;solid&#8221;]<\/p>\n<h1 class=\"entry-title\" style=\"text-align: left;\">Certifica\u00e7\u00f5es<\/h1>\n<p>[\/et_pb_text][et_pb_text admin_label=&#8221;Texto&#8221; background_layout=&#8221;light&#8221; text_orientation=&#8221;left&#8221; use_border_color=&#8221;off&#8221; border_color=&#8221;#ffffff&#8221; border_style=&#8221;solid&#8221; saved_tabs=&#8221;all&#8221;]<\/p>\n<p><img loading=\"lazy\" decoding=\"async\" class=\"alignnone wp-image-3269 size-full\" src=\"http:\/\/www.mpb.eng.br\/n\/wp-content\/uploads\/2015\/07\/certificado-ISO-.jpg\" alt=\"\" width=\"1080\" height=\"1511\" srcset=\"https:\/\/www.mpb.eng.br\/n\/wp-content\/uploads\/2015\/07\/certificado-ISO-.jpg 1080w, https:\/\/www.mpb.eng.br\/n\/wp-content\/uploads\/2015\/07\/certificado-ISO--214x300.jpg 214w, https:\/\/www.mpb.eng.br\/n\/wp-content\/uploads\/2015\/07\/certificado-ISO--732x1024.jpg 732w\" sizes=\"auto, (max-width: 1080px) 100vw, 1080px\" \/><\/p>\n<p>&nbsp;<\/p>\n<p>[\/et_pb_text][et_pb_text admin_label=&#8221;Miss\u00e3o Vis\u00e3o e Valores &#8221; background_layout=&#8221;light&#8221; text_orientation=&#8221;left&#8221; use_border_color=&#8221;off&#8221; border_color=&#8221;#ffffff&#8221; border_style=&#8221;solid&#8221;]<\/p>\n<h1 style=\"text-align: left;\">Miss\u00e3o Vis\u00e3o e Valores<\/h1>\n<p>[\/et_pb_text][et_pb_text admin_label=&#8221;Texto&#8221; background_layout=&#8221;light&#8221; text_orientation=&#8221;left&#8221; use_border_color=&#8221;off&#8221; border_color=&#8221;#ffffff&#8221; border_style=&#8221;solid&#8221; saved_tabs=&#8221;all&#8221;]<\/p>\n<h3><strong>Miss\u00e3o<\/strong><\/h3>\n<p>Contribuir com servi\u00e7o de consultoria t\u00e9cnica no desenvolvimento do pa\u00eds<\/p>\n<h3><strong>Vis\u00e3o<\/strong><\/h3>\n<p>Ser r\u200be\u200bfer\u00eancia no Brasil de empresa de engenharia consultiva em qualidade t\u00e9cnica, oferecendo solu\u00e7\u00f5es\u200b integradas adequadas a necessidade de cada cliente e a melhoria da qualidade de vida da sociedade<\/p>\n<h3><strong>Valores Essenciais<\/strong><\/h3>\n<ul>\n<li>Excel\u00eancia em Servi\u00e7os.<\/li>\n<li>Responsabilidade Ambiental e Social.<\/li>\n<li>Satisfa\u00e7\u00e3o do Cliente<\/li>\n<li>Respeitar o Ser Humano<\/li>\n<li>Desenvolvimento Sustent\u00e1vel<\/li>\n<li>Responsabilidade Empresarial \u2013 Compliance<\/li>\n<\/ul>\n<p>[\/et_pb_text][et_pb_text admin_label=&#8221;Estrutura Organizacional&#8221; background_layout=&#8221;light&#8221; text_orientation=&#8221;left&#8221; use_border_color=&#8221;off&#8221; border_color=&#8221;#ffffff&#8221; border_style=&#8221;solid&#8221;]<\/p>\n<h1 style=\"text-align: left;\">Estrutura Organizacional<\/h1>\n<p>[\/et_pb_text][et_pb_text admin_label=&#8221;Texto&#8221; background_layout=&#8221;light&#8221; text_orientation=&#8221;left&#8221; use_border_color=&#8221;off&#8221; border_color=&#8221;#ffffff&#8221; border_style=&#8221;solid&#8221; saved_tabs=&#8221;all&#8221;]<\/p>\n<p>A administra\u00e7\u00e3o da MPB Engenharia se baseia em uma administra\u00e7\u00e3o objetiva e flex\u00edvel, sendo que as decis\u00f5es s\u00e3o tomadas de acordo com os clientes.<br \/>\nOs trabalhos desenvolvidos respeitam o desenvolvimento sustent\u00e1vel, al\u00e9m dos princ\u00edpios e diretrizes estabelecidos na Pol\u00edtica Ambiental Brasileira. Sendo assim, as atividades propostas pela MPB respeitam automaticamente os compromissos assumidos diante dos \u00f3rg\u00e3os ambientais competentes.<\/p>\n<p>No intuito de proporcionar servi\u00e7os relevantes, a MPB conta com uma equipe multidisciplinar qualificada. S\u00e3o mais de 100 colaboradores de diferentes forma\u00e7\u00f5es. Esses profissionais atuam com especialidade em\u00a0engenharia ambiental, sanit\u00e1ria, \u00a0civil, el\u00e9trica e de seguran\u00e7a do trabalho, al\u00e9m de ge\u00f3logos, bi\u00f3logos, ge\u00f3grafos, economistas, pedagogos, advogados e de um banco de consultores de alto n\u00edvel.<\/p>\n<p>Os grupos de trabalho s\u00e3o coordenados por engenheiros e demais profissionais com intensa experi\u00eancia nas \u00e1reas t\u00e9cnicas, gerenciais e institucionais.<\/p>\n<p>[\/et_pb_text][et_pb_text admin_label=&#8221;Tecnologia&#8221; background_layout=&#8221;light&#8221; text_orientation=&#8221;left&#8221; use_border_color=&#8221;off&#8221; border_color=&#8221;#ffffff&#8221; border_style=&#8221;solid&#8221;]<\/p>\n<h1 style=\"text-align: left;\">Tecnologia<\/h1>\n<p>[\/et_pb_text][et_pb_text admin_label=&#8221;Texto&#8221; background_layout=&#8221;light&#8221; text_orientation=&#8221;left&#8221; use_border_color=&#8221;off&#8221; border_color=&#8221;#ffffff&#8221; border_style=&#8221;solid&#8221;]<\/p>\n<p>A MPB possui recursos de estrutura operacional moderna totalmente informatizada, voltada a gest\u00e3o, supervis\u00e3o, estudos e projetos na \u00e1rea ambiental, o que permite \u00e0 equipe t\u00e9cnica, fornecer aos seus clientes um produto com a efici\u00eancia e qualidade. <a href=\"http:\/\/www.mpb.eng.br\/n\/tecnologia\/\">Saiba mais<\/a>.<\/p>\n<p>&nbsp;<\/p>\n<p>Quer saber mais sobre a \u00e1rea de atua\u00e7\u00e3o da MPB? <a href=\"http:\/\/www.mpb.eng.br\/n\/contato\/\">Entre em contato<\/a>.<\/p>\n<p>[\/et_pb_text][\/et_pb_column][\/et_pb_row][\/et_pb_section]<\/p>\n","protected":false},"excerpt":{"rendered":"<p>[et_pb_section admin_label=&#8221;Se\u00e7\u00e3o&#8221; fullwidth=&#8221;on&#8221; specialty=&#8221;off&#8221;][et_pb_fullwidth_header admin_label=&#8221;Cabe\u00e7alho de Largura Completa&#8221; title=&#8221;MPB Engenharia&#8221; background_layout=&#8221;dark&#8221; text_orientation=&#8221;center&#8221; header_fullscreen=&#8221;off&#8221; header_scroll_down=&#8221;off&#8221; parallax=&#8221;on&#8221; parallax_method=&#8221;off&#8221; content_orientation=&#8221;center&#8221; image_orientation=&#8221;center&#8221; title_font_color=&#8221;#ffffff&#8221; custom_button_one=&#8221;off&#8221; button_one_letter_spacing=&#8221;0&#8243; button_one_use_icon=&#8221;default&#8221; button_one_icon_placement=&#8221;right&#8221; button_one_on_hover=&#8221;on&#8221; button_one_letter_spacing_hover=&#8221;0&#8243; custom_button_two=&#8221;off&#8221; button_two_letter_spacing=&#8221;0&#8243; button_two_use_icon=&#8221;default&#8221; button_two_icon_placement=&#8221;right&#8221; button_two_on_hover=&#8221;on&#8221; button_two_letter_spacing_hover=&#8221;0&#8243; background_url=&#8221;http:\/\/www.mpb.eng.br\/n\/wp-content\/uploads\/2015\/07\/rodovia_pb.png&#8221; title_font_size=&#8221;32&#8243; saved_tabs=&#8221;all&#8221; scroll_down_icon=&#8221;%%1%%&#8221; background_overlay_color=&#8221;rgba(16,34,43,0.95)&#8221; title_font=&#8221;Raleway||||&#8221; scroll_down_icon_color=&#8221;#0b71b9&#8243;] [\/et_pb_fullwidth_header][\/et_pb_section][et_pb_section admin_label=&#8221;section&#8221; background_image=&#8221;http:\/\/www.mpb.eng.br\/n\/wp-content\/uploads\/2015\/07\/servi\u00e7os_back-01.png&#8221; transparent_background=&#8221;off&#8221; allow_player_pause=&#8221;off&#8221; inner_shadow=&#8221;off&#8221; parallax=&#8221;on&#8221; parallax_method=&#8221;off&#8221; padding_mobile=&#8221;off&#8221; make_fullwidth=&#8221;off&#8221; use_custom_width=&#8221;off&#8221; width_unit=&#8221;on&#8221; make_equal=&#8221;off&#8221; use_custom_gutter=&#8221;off&#8221; gutter_width=&#8221;3&#8243;][et_pb_row admin_label=&#8221;row&#8221;][et_pb_column type=&#8221;4_4&#8243;][et_pb_text [&hellip;]<\/p>\n","protected":false},"author":1,"featured_media":0,"parent":0,"menu_order":0,"comment_status":"open","ping_status":"open","template":"","meta":{"_et_pb_use_builder":"on","_et_pb_old_content":"","footnotes":""},"class_list":["post-61","page","type-page","status-publish","hentry"],"_links":{"self":[{"href":"https:\/\/www.mpb.eng.br\/n\/wp-json\/wp\/v2\/pages\/61","targetHints":{"allow":["GET"]}}],"collection":[{"href":"https:\/\/www.mpb.eng.br\/n\/wp-json\/wp\/v2\/pages"}],"about":[{"href":"https:\/\/www.mpb.eng.br\/n\/wp-json\/wp\/v2\/types\/page"}],"author":[{"embeddable":true,"href":"https:\/\/www.mpb.eng.br\/n\/wp-json\/wp\/v2\/users\/1"}],"replies":[{"embeddable":true,"href":"https:\/\/www.mpb.eng.br\/n\/wp-json\/wp\/v2\/comments?post=61"}],"version-history":[{"count":237,"href":"https:\/\/www.mpb.eng.br\/n\/wp-json\/wp\/v2\/pages\/61\/revisions"}],"predecessor-version":[{"id":3272,"href":"https:\/\/www.mpb.eng.br\/n\/wp-json\/wp\/v2\/pages\/61\/revisions\/3272"}],"wp:attachment":[{"href":"https:\/\/www.mpb.eng.br\/n\/wp-json\/wp\/v2\/media?parent=61"}],"curies":[{"name":"wp","href":"https:\/\/api.w.org\/{rel}","templated":true}]}}