{"id":2845,"date":"2016-05-04T16:37:20","date_gmt":"2016-05-04T19:37:20","guid":{"rendered":"http:\/\/www.mpb.eng.br\/n\/?page_id=2845"},"modified":"2016-05-04T16:37:54","modified_gmt":"2016-05-04T19:37:54","slug":"esgotamento-sanitario","status":"publish","type":"page","link":"http:\/\/www.mpb.eng.br\/n\/esgotamento-sanitario\/","title":{"rendered":"Esgotamento Sanit\u00e1rio"},"content":{"rendered":"<p>[et_pb_section admin_label=&#8221;section&#8221; fullwidth=&#8221;on&#8221; specialty=&#8221;off&#8221; background_image=&#8221;http:\/\/www.altran.be\/uploads\/tx_templavoila\/__pressmaster_-_Fotolia.com_Career_4d17ac.jpg&#8221; transparent_background=&#8221;off&#8221; background_color=&#8221;#10222b&#8221; allow_player_pause=&#8221;off&#8221; inner_shadow=&#8221;off&#8221; parallax=&#8221;on&#8221; parallax_method=&#8221;off&#8221; padding_mobile=&#8221;off&#8221; make_fullwidth=&#8221;off&#8221; use_custom_width=&#8221;off&#8221; width_unit=&#8221;on&#8221; make_equal=&#8221;off&#8221; use_custom_gutter=&#8221;off&#8221; gutter_width=&#8221;3&#8243;][et_pb_fullwidth_header admin_label=&#8221;Cabe\u00e7alho de Largura Completa&#8221; title=&#8221;Esgotamento Sanit\u00e1rio&#8221; background_layout=&#8221;dark&#8221; text_orientation=&#8221;center&#8221; header_fullscreen=&#8221;off&#8221; header_scroll_down=&#8221;off&#8221; parallax=&#8221;on&#8221; parallax_method=&#8221;off&#8221; content_orientation=&#8221;center&#8221; image_orientation=&#8221;center&#8221; custom_button_one=&#8221;on&#8221; button_one_letter_spacing=&#8221;0&#8243; button_one_use_icon=&#8221;default&#8221; button_one_icon_placement=&#8221;right&#8221; button_one_on_hover=&#8221;on&#8221; button_one_letter_spacing_hover=&#8221;0&#8243; custom_button_two=&#8221;off&#8221; button_two_letter_spacing=&#8221;0&#8243; button_two_use_icon=&#8221;default&#8221; button_two_icon_placement=&#8221;right&#8221; button_two_on_hover=&#8221;on&#8221; button_two_letter_spacing_hover=&#8221;0&#8243; title_font_size=&#8221;35&#8243; saved_tabs=&#8221;all&#8221; subhead_font_size=&#8221;24px&#8221; title_font=&#8221;Raleway||||&#8221; button_one_text_size=&#8221;20&#8243; button_one_border_width=&#8221;1&#8243; button_one_border_radius=&#8221;3&#8243; button_one_border_radius_hover=&#8221;3&#8243; button_two_text_size=&#8221;20&#8243; button_two_border_width=&#8221;1&#8243; button_two_border_radius=&#8221;3&#8243; button_two_border_radius_hover=&#8221;3&#8243; scroll_down_icon=&#8221;%%1%%&#8221; background_url=&#8221;http:\/\/www.mpb.eng.br\/n\/wp-content\/uploads\/2015\/07\/servi\u00e7os_fotografia.jpg&#8221; background_overlay_color=&#8221;rgba(16,34,43,0.89)&#8221; button_one_text_color=&#8221;#0071bb&#8221; scroll_down_icon_color=&#8221;#0b71b9&#8243; logo_image_url=&#8221;http:\/\/www.mpb.eng.br\/n\/wp-content\/uploads\/2015\/07\/\u00cdCONES_2016_-01.png&#8221;] [\/et_pb_fullwidth_header][\/et_pb_section][et_pb_section admin_label=&#8221;Se\u00e7\u00e3o&#8221; fullwidth=&#8221;off&#8221; specialty=&#8221;off&#8221; background_image=&#8221;http:\/\/www.mpb.eng.br\/n\/wp-content\/uploads\/2015\/07\/servi\u00e7os_back-01.png&#8221; transparent_background=&#8221;off&#8221; allow_player_pause=&#8221;off&#8221; inner_shadow=&#8221;off&#8221; parallax=&#8221;on&#8221; parallax_method=&#8221;off&#8221; padding_mobile=&#8221;off&#8221; make_fullwidth=&#8221;off&#8221; use_custom_width=&#8221;off&#8221; width_unit=&#8221;on&#8221; make_equal=&#8221;off&#8221; use_custom_gutter=&#8221;off&#8221; gutter_width=&#8221;3&#8243;][et_pb_row admin_label=&#8221;Linha&#8221; make_fullwidth=&#8221;off&#8221; use_custom_width=&#8221;off&#8221; width_unit=&#8221;on&#8221; use_custom_gutter=&#8221;off&#8221; gutter_width=&#8221;3&#8243; padding_mobile=&#8221;off&#8221; allow_player_pause=&#8221;off&#8221; parallax=&#8221;off&#8221; parallax_method=&#8221;off&#8221; make_equal=&#8221;on&#8221; parallax_1=&#8221;off&#8221; parallax_method_1=&#8221;off&#8221; parallax_2=&#8221;off&#8221; parallax_method_2=&#8221;off&#8221; column_padding_mobile=&#8221;off&#8221;][et_pb_column type=&#8221;1_2&#8243;][et_pb_text admin_label=&#8221;Texto&#8221; background_layout=&#8221;light&#8221; text_orientation=&#8221;left&#8221; text_font_size=&#8221;14&#8243; use_border_color=&#8221;off&#8221; border_color=&#8221;#ffffff&#8221; border_style=&#8221;solid&#8221;]<\/p>\n<p>An\u00e1lise Econ\u00f4mica<br \/>\nAssessoria T\u00e9cnica e Ambiental<br \/>\nDiagn\u00f3stico<br \/>\nAssessoria T\u00e9cnica<br \/>\nAssessoria Ambiental<br \/>\nEstudo Ambiental Simplificado<br \/>\nEstudo de Concep\u00e7\u00e3o<br \/>\nEstudo de Controle Ambiental<br \/>\nEstudo de Impacto Ambiental<br \/>\nEstudo de Impacto de Vizinhan\u00e7a<br \/>\nEstudo de Viabilidade Ambiental<br \/>\nEstudo de Viabilidade T\u00e9cnica Econ\u00f4mica e Ambiental<br \/>\nEstudo Geol\u00f3gico<br \/>\nEstudo Geot\u00e9cnico<br \/>\nEstudo Hidrol\u00f3gico<br \/>\nEstudo Populacional<br \/>\nEstudo Topogr\u00e1fico<br \/>\nFiscaliza\u00e7\u00e3o Ambiental de Empreendimentos<br \/>\nFiscaliza\u00e7\u00e3o T\u00e9cnica de Empreendimentos<br \/>\nGerenciamento Ambiental de Empreendimentos<br \/>\nGerenciamento T\u00e9cnico de Empreendimentos<br \/>\nGerenciamento, Assessoria e Supervis\u00e3o Ambiental de Empreendimentos<br \/>\nGerenciamento, Assessoria e Supervis\u00e3o T\u00e9cnica de Empreendimentos<br \/>\nInvent\u00e1rio Florestal<br \/>\nLicenciamento Ambiental de Empreendimentos<br \/>\nMonitoramento Ambiental de Empreendimentos<br \/>\nMonitoramento Arqueol\u00f3gico<br \/>\nProjeto de Obras Complementares<br \/>\nOr\u00e7amento<br \/>\nPlano B\u00e1sico Ambiental<br \/>\nPlano de A\u00e7\u00e3o Emergencial e Conting\u00eancia<br \/>\nPlano de Controle Ambiental<\/p>\n<p>[\/et_pb_text][\/et_pb_column][et_pb_column type=&#8221;1_2&#8243;][et_pb_text admin_label=&#8221;Texto&#8221; background_layout=&#8221;light&#8221; text_orientation=&#8221;left&#8221; text_font_size=&#8221;14&#8243; use_border_color=&#8221;off&#8221; border_color=&#8221;#ffffff&#8221; border_style=&#8221;solid&#8221;]<\/p>\n<p>Plano de Execu\u00e7\u00e3o<br \/>\nPlano de Fauna<br \/>\nPlano de Manejo<br \/>\nPlano de Recupera\u00e7\u00e3o de \u00e1rea degradada<br \/>\nPlanos Diretores e de Saneamento<br \/>\nPrograma de mobiliza\u00e7\u00e3o, Gest\u00e3o e Desmobiliza\u00e7\u00e3o de Canteiro de Obras<br \/>\nProjeto Arquitet\u00f4nico<br \/>\nProjeto B\u00e1sico de Engenharia<br \/>\nProjeto de Desapropria\u00e7\u00e3o<br \/>\nProjeto de Instrumenta\u00e7\u00e3o e Controle<br \/>\nProjeto de Interfer\u00eancias<br \/>\nProjeto de Meio Ambiente<br \/>\nProjeto de Monitoramento Arqueol\u00f3gico<br \/>\nProjeto de Pavimenta\u00e7\u00e3o<br \/>\nProjeto de Prospec\u00e7\u00e3o Arqueol\u00f3gica<br \/>\nProjeto de Terraplenagem<br \/>\nProjeto El\u00e9trico<br \/>\nProjeto Estrutura<br \/>\nProjeto Executivo de Engenharia<br \/>\nProjeto Hidr\u00e1ulico<br \/>\nProjeto Hidro Sanit\u00e1rio<br \/>\nProspec\u00e7\u00e3o Arqueol\u00f3gica<br \/>\nRelat\u00f3rio de Impacto de Meio Ambiente<br \/>\nSupervis\u00e3o T\u00e9cnica de Empreendimentos<br \/>\nSupervis\u00e3o Ambiental de Empreendimentos<br \/>\nSistema de Informa\u00e7\u00e3o geogr\u00e1fica<br \/>\nSupervis\u00e3o T\u00e9cnica e Ambiental de Empreendimentos<br \/>\nProjeto de Urbaniza\u00e7\u00e3o<br \/>\nProjeto Paisagistico<br \/>\nProjeto de Drenagem<br \/>\nProjeto de Travessias<\/p>\n<p>[\/et_pb_text][\/et_pb_column][\/et_pb_row][et_pb_row admin_label=&#8221;Linha&#8221;][et_pb_column type=&#8221;4_4&#8243;][et_pb_portfolio admin_label=&#8221;Portf\u00f3lio&#8221; fullwidth=&#8221;off&#8221; include_categories=&#8221;20&#8243; show_title=&#8221;on&#8221; show_categories=&#8221;on&#8221; show_pagination=&#8221;on&#8221; background_layout=&#8221;light&#8221; hover_overlay_color=&#8221;rgba(255,255,255,0.9)&#8221; title_font_size=&#8221;18&#8243; caption_font_size=&#8221;14&#8243; use_border_color=&#8221;off&#8221; border_color=&#8221;#ffffff&#8221; border_style=&#8221;solid&#8221;] [\/et_pb_portfolio][\/et_pb_column][\/et_pb_row][\/et_pb_section]<\/p>\n","protected":false},"excerpt":{"rendered":"<p>[et_pb_section admin_label=&#8221;section&#8221; fullwidth=&#8221;on&#8221; specialty=&#8221;off&#8221; background_image=&#8221;http:\/\/www.altran.be\/uploads\/tx_templavoila\/__pressmaster_-_Fotolia.com_Career_4d17ac.jpg&#8221; transparent_background=&#8221;off&#8221; background_color=&#8221;#10222b&#8221; allow_player_pause=&#8221;off&#8221; inner_shadow=&#8221;off&#8221; parallax=&#8221;on&#8221; parallax_method=&#8221;off&#8221; padding_mobile=&#8221;off&#8221; make_fullwidth=&#8221;off&#8221; use_custom_width=&#8221;off&#8221; width_unit=&#8221;on&#8221; make_equal=&#8221;off&#8221; use_custom_gutter=&#8221;off&#8221; gutter_width=&#8221;3&#8243;][et_pb_fullwidth_header admin_label=&#8221;Cabe\u00e7alho de Largura Completa&#8221; title=&#8221;Esgotamento Sanit\u00e1rio&#8221; background_layout=&#8221;dark&#8221; text_orientation=&#8221;center&#8221; header_fullscreen=&#8221;off&#8221; header_scroll_down=&#8221;off&#8221; parallax=&#8221;on&#8221; parallax_method=&#8221;off&#8221; content_orientation=&#8221;center&#8221; image_orientation=&#8221;center&#8221; custom_button_one=&#8221;on&#8221; button_one_letter_spacing=&#8221;0&#8243; button_one_use_icon=&#8221;default&#8221; button_one_icon_placement=&#8221;right&#8221; button_one_on_hover=&#8221;on&#8221; button_one_letter_spacing_hover=&#8221;0&#8243; custom_button_two=&#8221;off&#8221; button_two_letter_spacing=&#8221;0&#8243; button_two_use_icon=&#8221;default&#8221; button_two_icon_placement=&#8221;right&#8221; button_two_on_hover=&#8221;on&#8221; button_two_letter_spacing_hover=&#8221;0&#8243; title_font_size=&#8221;35&#8243; saved_tabs=&#8221;all&#8221; subhead_font_size=&#8221;24px&#8221; title_font=&#8221;Raleway||||&#8221; button_one_text_size=&#8221;20&#8243; button_one_border_width=&#8221;1&#8243; button_one_border_radius=&#8221;3&#8243; button_one_border_radius_hover=&#8221;3&#8243; button_two_text_size=&#8221;20&#8243; button_two_border_width=&#8221;1&#8243; button_two_border_radius=&#8221;3&#8243; [&hellip;]<\/p>\n","protected":false},"author":1,"featured_media":0,"parent":0,"menu_order":0,"comment_status":"open","ping_status":"open","template":"","meta":{"_et_pb_use_builder":"on","_et_pb_old_content":"","footnotes":""},"class_list":["post-2845","page","type-page","status-publish","hentry"],"_links":{"self":[{"href":"http:\/\/www.mpb.eng.br\/n\/wp-json\/wp\/v2\/pages\/2845","targetHints":{"allow":["GET"]}}],"collection":[{"href":"http:\/\/www.mpb.eng.br\/n\/wp-json\/wp\/v2\/pages"}],"about":[{"href":"http:\/\/www.mpb.eng.br\/n\/wp-json\/wp\/v2\/types\/page"}],"author":[{"embeddable":true,"href":"http:\/\/www.mpb.eng.br\/n\/wp-json\/wp\/v2\/users\/1"}],"replies":[{"embeddable":true,"href":"http:\/\/www.mpb.eng.br\/n\/wp-json\/wp\/v2\/comments?post=2845"}],"version-history":[{"count":2,"href":"http:\/\/www.mpb.eng.br\/n\/wp-json\/wp\/v2\/pages\/2845\/revisions"}],"predecessor-version":[{"id":2847,"href":"http:\/\/www.mpb.eng.br\/n\/wp-json\/wp\/v2\/pages\/2845\/revisions\/2847"}],"wp:attachment":[{"href":"http:\/\/www.mpb.eng.br\/n\/wp-json\/wp\/v2\/media?parent=2845"}],"curies":[{"name":"wp","href":"https:\/\/api.w.org\/{rel}","templated":true}]}}